Last updated on 2025-11-13 02:52:24 CET.
| Flavor | Version | Tinstall | Tcheck | Ttotal | Status | Flags |
|---|---|---|---|---|---|---|
| r-devel-linux-x86_64-debian-clang | 1.0.3 | 41.82 | 27.17 | 68.99 | OK | |
| r-devel-linux-x86_64-debian-gcc | 1.0.3 | 35.09 | 25.87 | 60.96 | OK | |
| r-devel-linux-x86_64-fedora-clang | 1.0.3 | 89.00 | 23.97 | 112.97 | OK | |
| r-devel-linux-x86_64-fedora-gcc | 1.0.3 | 119.00 | 10.88 | 129.88 | OK | |
| r-devel-windows-x86_64 | 1.0.3 | 44.00 | 61.00 | 105.00 | OK | |
| r-patched-linux-x86_64 | 1.0.3 | 47.29 | 31.50 | 78.79 | OK | |
| r-release-linux-x86_64 | 1.0.3 | 44.92 | 31.65 | 76.57 | OK | |
| r-release-macos-arm64 | 1.0.3 | 19.00 | 16.00 | 35.00 | OK | |
| r-release-macos-x86_64 | 1.0.3 | 45.00 | 36.00 | 81.00 | OK | |
| r-release-windows-x86_64 | 1.0.3 | 45.00 | 73.00 | 118.00 | OK | |
| r-oldrel-macos-arm64 | 1.0.3 | 19.00 | 21.00 | 40.00 | NOTE | |
| r-oldrel-macos-x86_64 | 1.0.3 | 42.00 | 29.00 | 71.00 | NOTE | |
| r-oldrel-windows-x86_64 | 1.0.3 | 52.00 | 78.00 | 130.00 | OK |
Version: 1.0.3
Check: installed package size
Result: NOTE
installed size is 25.6Mb
sub-directories of 1Mb or more:
libs 25.5Mb
Flavors: r-oldrel-macos-arm64, r-oldrel-macos-x86_64