Last updated on 2024-07-27 01:53:16 CEST.
Flavor | Version | Tinstall | Tcheck | Ttotal | Status | Flags |
---|---|---|---|---|---|---|
r-devel-linux-x86_64-debian-clang | 0.6-28 | 2.03 | 31.54 | 33.57 | NOTE | |
r-devel-linux-x86_64-debian-gcc | 0.6-28 | 1.67 | 24.12 | 25.79 | NOTE | |
r-devel-linux-x86_64-fedora-clang | 0.6-28 | 44.02 | NOTE | |||
r-devel-linux-x86_64-fedora-gcc | 0.6-28 | 41.27 | NOTE | |||
r-devel-windows-x86_64 | 0.6-28 | 4.00 | 51.00 | 55.00 | NOTE | |
r-patched-linux-x86_64 | 0.6-28 | NOTE | ||||
r-release-linux-x86_64 | 0.6-28 | 2.57 | 29.98 | 32.55 | NOTE | |
r-release-macos-arm64 | 0.6-28 | 20.00 | NOTE | |||
r-release-macos-x86_64 | 0.6-28 | 28.00 | NOTE | |||
r-release-windows-x86_64 | 0.6-28 | 4.00 | 50.00 | 54.00 | NOTE | |
r-oldrel-macos-arm64 | 0.6-28 | 19.00 | OK | |||
r-oldrel-macos-x86_64 | 0.6-28 | 39.00 | OK | |||
r-oldrel-windows-x86_64 | 0.6-28 | 4.00 | 55.00 | 59.00 | OK |
Version: 0.6-28
Check: Rd files
Result: NOTE
checkRd: (-1) sumKeepAttr.Rd:19: Lost braces
19 | (only relevant if code{x} has only one element).}
| ^
Flavors: r-devel-linux-x86_64-debian-clang, r-devel-linux-x86_64-debian-gcc, r-devel-linux-x86_64-fedora-clang, r-devel-linux-x86_64-fedora-gcc, r-devel-windows-x86_64, r-patched-linux-x86_64, r-release-linux-x86_64, r-release-macos-arm64, r-release-macos-x86_64, r-release-windows-x86_64