Last updated on 2025-11-13 01:50:26 CET.
| Flavor | Version | Tinstall | Tcheck | Ttotal | Status | Flags |
|---|---|---|---|---|---|---|
| r-devel-linux-x86_64-debian-clang | 2.0.0.1 | 35.09 | 270.33 | 305.42 | NOTE | |
| r-devel-linux-x86_64-debian-gcc | 2.0.0.1 | 19.50 | 177.98 | 197.48 | NOTE | |
| r-devel-linux-x86_64-fedora-clang | 2.0.0.1 | 78.00 | 390.28 | 468.28 | OK | |
| r-devel-linux-x86_64-fedora-gcc | 2.0.0.1 | 62.00 | 393.13 | 455.13 | OK | |
| r-devel-windows-x86_64 | 2.0.0.1 | 38.00 | 319.00 | 357.00 | OK | |
| r-patched-linux-x86_64 | 2.0.0.1 | 32.02 | 251.20 | 283.22 | OK | |
| r-release-linux-x86_64 | 2.0.0.1 | 30.51 | 250.35 | 280.86 | OK | |
| r-release-macos-arm64 | 2.0.0.1 | 12.00 | 97.00 | 109.00 | OK | |
| r-release-macos-x86_64 | 2.0.0.1 | 27.00 | 217.00 | 244.00 | OK | |
| r-release-windows-x86_64 | 2.0.0.1 | 39.00 | 324.00 | 363.00 | OK | |
| r-oldrel-macos-arm64 | 2.0.0.1 | 12.00 | 99.00 | 111.00 | OK | |
| r-oldrel-macos-x86_64 | 2.0.0.1 | 28.00 | 189.00 | 217.00 | OK | |
| r-oldrel-windows-x86_64 | 2.0.0.1 | 55.00 | 479.00 | 534.00 | OK |
Version: 2.0.0.1
Check: CRAN incoming feasibility
Result: NOTE
Maintainer: ‘Derek Young <derek.young@uky.edu>’
Package CITATION file contains call(s) to old-style personList() or
as.personList(). Please use c() on person objects instead.
Package CITATION file contains call(s) to old-style citEntry(). Please
use bibentry() instead.
Flavors: r-devel-linux-x86_64-debian-clang, r-devel-linux-x86_64-debian-gcc