Last updated on 2025-05-07 01:50:02 CEST.
Flavor | Version | Tinstall | Tcheck | Ttotal | Status | Flags |
---|---|---|---|---|---|---|
r-devel-linux-x86_64-debian-clang | 2.1.1 | 75.53 | 38.90 | 114.43 | OK | |
r-devel-linux-x86_64-debian-gcc | 2.1.1 | 52.55 | 29.60 | 82.15 | OK | |
r-devel-linux-x86_64-fedora-clang | 2.1.2 | 208.69 | OK | |||
r-devel-linux-x86_64-fedora-gcc | 2.1.2 | 226.64 | OK | |||
r-devel-windows-x86_64 | 2.1.1 | 74.00 | 83.00 | 157.00 | OK | |
r-patched-linux-x86_64 | 2.1.1 | 75.77 | 38.47 | 114.24 | OK | |
r-release-linux-x86_64 | 2.1.1 | 74.86 | 36.95 | 111.81 | OK | |
r-release-macos-arm64 | 2.1.2 | 80.00 | OK | |||
r-release-macos-x86_64 | 2.1.2 | 135.00 | OK | |||
r-release-windows-x86_64 | 2.1.1 | 73.00 | 86.00 | 159.00 | OK | |
r-oldrel-macos-arm64 | 2.1.2 | 72.00 | NOTE | |||
r-oldrel-macos-x86_64 | 2.1.2 | 134.00 | NOTE | |||
r-oldrel-windows-x86_64 | 2.1.1 | 86.00 | 102.00 | 188.00 | OK |
Version: 2.1.2
Check: installed package size
Result: NOTE
installed size is 11.9Mb
sub-directories of 1Mb or more:
libs 11.6Mb
Flavors: r-oldrel-macos-arm64, r-oldrel-macos-x86_64