Last updated on 2024-07-27 01:53:16 CEST.
Flavor | Version | Tinstall | Tcheck | Ttotal | Status | Flags |
---|---|---|---|---|---|---|
r-devel-linux-x86_64-debian-clang | 2.1.1 | 101.24 | 48.53 | 149.77 | OK | |
r-devel-linux-x86_64-debian-gcc | 2.1.1 | 63.91 | 35.97 | 99.88 | OK | |
r-devel-linux-x86_64-fedora-clang | 2.1.1 | 203.08 | OK | |||
r-devel-linux-x86_64-fedora-gcc | 2.1.1 | 205.76 | OK | |||
r-devel-windows-x86_64 | 2.1.1 | 69.00 | 85.00 | 154.00 | OK | |
r-patched-linux-x86_64 | 2.1.1 | OK | ||||
r-release-linux-x86_64 | 2.1.1 | 73.99 | 44.74 | 118.73 | OK | |
r-release-macos-arm64 | 2.1.1 | 55.00 | NOTE | |||
r-release-macos-x86_64 | 2.1.1 | 80.00 | NOTE | |||
r-release-windows-x86_64 | 2.1.1 | 72.00 | 95.00 | 167.00 | OK | |
r-oldrel-macos-arm64 | 2.1.1 | 63.00 | NOTE | |||
r-oldrel-macos-x86_64 | 2.1.1 | 176.00 | NOTE | |||
r-oldrel-windows-x86_64 | 2.1.1 | 81.00 | 103.00 | 184.00 | OK |
Version: 2.1.1
Check: installed package size
Result: NOTE
installed size is 11.8Mb
sub-directories of 1Mb or more:
libs 11.5Mb
Flavors: r-release-macos-arm64, r-release-macos-x86_64, r-oldrel-macos-arm64, r-oldrel-macos-x86_64