Last updated on 2025-02-10 02:49:58 CET.
Flavor | Version | Tinstall | Tcheck | Ttotal | Status | Flags |
---|---|---|---|---|---|---|
r-devel-linux-x86_64-debian-clang | 0.8 | 14.13 | 114.54 | 128.67 | NOTE | |
r-devel-linux-x86_64-debian-gcc | 0.8 | 8.85 | 83.49 | 92.34 | NOTE | |
r-devel-linux-x86_64-fedora-clang | 0.8 | 206.14 | OK | |||
r-devel-linux-x86_64-fedora-gcc | 0.8 | 202.46 | OK | |||
r-devel-windows-x86_64 | 0.8 | 14.00 | 106.00 | 120.00 | NOTE | |
r-patched-linux-x86_64 | 0.8 | 21.47 | 106.11 | 127.58 | OK | |
r-release-linux-x86_64 | 0.8 | 12.32 | 105.81 | 118.13 | OK | |
r-release-macos-arm64 | 0.8 | 65.00 | OK | |||
r-release-macos-x86_64 | 0.8 | 94.00 | OK | |||
r-release-windows-x86_64 | 0.8 | 15.00 | 125.00 | 140.00 | OK | |
r-oldrel-macos-arm64 | 0.8 | 60.00 | OK | |||
r-oldrel-macos-x86_64 | 0.8 | 99.00 | OK | |||
r-oldrel-windows-x86_64 | 0.8 | 18.00 | 140.00 | 158.00 | OK |
Version: 0.8
Check: Rd cross-references
Result: NOTE
Found the following Rd file(s) with Rd \link{} targets missing package
anchors:
mlergm.Rd: ergm.terms
mlnet.Rd: network, ggnet2
Please provide package anchors for all Rd \link{} targets not in the
package itself and the base packages.
Flavors: r-devel-linux-x86_64-debian-clang, r-devel-linux-x86_64-debian-gcc, r-devel-windows-x86_64