Last updated on 2024-07-27 01:53:16 CEST.
Flavor | Version | Tinstall | Tcheck | Ttotal | Status | Flags |
---|---|---|---|---|---|---|
r-devel-linux-x86_64-debian-clang | 4.4.0 | 2610.35 | 72.30 | 2682.65 | OK | |
r-devel-linux-x86_64-debian-gcc | 4.4.0 | 1893.55 | 56.68 | 1950.23 | OK | |
r-devel-linux-x86_64-fedora-clang | 4.4.0 | 4046.19 | NOTE | |||
r-devel-linux-x86_64-fedora-gcc | 4.4.0 | 4577.08 | OK | |||
r-devel-windows-x86_64 | 4.4.0 | 1896.00 | 210.00 | 2106.00 | NOTE | |
r-patched-linux-x86_64 | 4.4.0 | OK | ||||
r-release-linux-x86_64 | 4.4.0 | 2352.41 | 69.48 | 2421.89 | OK | |
r-release-macos-arm64 | 4.4.0 | 823.00 | NOTE | |||
r-release-macos-x86_64 | 4.4.0 | 796.00 | NOTE | |||
r-release-windows-x86_64 | 4.4.0 | 1966.00 | 199.00 | 2165.00 | NOTE | |
r-oldrel-macos-arm64 | 4.4.0 | 801.00 | NOTE | |||
r-oldrel-macos-x86_64 | 4.4.0 | 775.00 | NOTE | |||
r-oldrel-windows-x86_64 | 4.4.0 | 2231.00 | 259.00 | 2490.00 | NOTE |
Version: 4.4.0
Check: installed package size
Result: NOTE
installed size is 36.1Mb
sub-directories of 1Mb or more:
include 10.4Mb
libs 25.2Mb
Flavors: r-devel-linux-x86_64-fedora-clang, r-devel-windows-x86_64, r-release-macos-arm64, r-release-macos-x86_64, r-release-windows-x86_64, r-oldrel-macos-arm64, r-oldrel-macos-x86_64, r-oldrel-windows-x86_64