Last updated on 2024-07-27 01:53:17 CEST.
Flavor | Version | Tinstall | Tcheck | Ttotal | Status | Flags |
---|---|---|---|---|---|---|
r-devel-linux-x86_64-debian-clang | 0.7.0 | 11.50 | 178.77 | 190.27 | OK | |
r-devel-linux-x86_64-debian-gcc | 0.7.0 | 10.36 | 134.75 | 145.11 | OK | |
r-devel-linux-x86_64-fedora-clang | 0.7.0 | 230.45 | OK | |||
r-devel-linux-x86_64-fedora-gcc | 0.7.0 | 207.83 | OK | |||
r-devel-windows-x86_64 | 0.7.0 | 11.00 | 152.00 | 163.00 | OK | |
r-patched-linux-x86_64 | 0.7.0 | OK | ||||
r-release-linux-x86_64 | 0.7.0 | 10.62 | 165.82 | 176.44 | OK | |
r-release-macos-arm64 | 0.7.0 | 70.00 | OK | |||
r-release-macos-x86_64 | 0.7.0 | 154.00 | OK | |||
r-release-windows-x86_64 | 0.7.0 | 11.00 | 151.00 | 162.00 | OK | |
r-oldrel-macos-arm64 | 0.7.0 | 10.00 | ERROR | |||
r-oldrel-macos-x86_64 | 0.7.0 | 11.00 | ERROR | |||
r-oldrel-windows-x86_64 | 0.7.0 | 14.00 | 192.00 | 206.00 | OK |
Version: 0.7.0
Check: package dependencies
Result: ERROR
Packages required and available but unsuitable versions: 'mlr3', 'paradox'
See section ‘The DESCRIPTION file’ in the ‘Writing R Extensions’
manual.
Flavors: r-oldrel-macos-arm64, r-oldrel-macos-x86_64