Last updated on 2025-05-24 01:51:27 CEST.
Flavor | Version | Tinstall | Tcheck | Ttotal | Status | Flags |
---|---|---|---|---|---|---|
r-devel-linux-x86_64-debian-clang | 0.3.1 | 12.92 | 113.51 | 126.43 | OK | |
r-devel-linux-x86_64-debian-gcc | 0.3.1 | 8.64 | 84.47 | 93.11 | OK | |
r-devel-linux-x86_64-fedora-clang | 0.3.1 | 183.62 | OK | |||
r-devel-linux-x86_64-fedora-gcc | 0.3.1 | 188.01 | OK | |||
r-devel-windows-x86_64 | 0.3.1 | 14.00 | 110.00 | 124.00 | OK | |
r-patched-linux-x86_64 | 0.3.1 | 11.83 | 105.70 | 117.53 | OK | |
r-release-linux-x86_64 | 0.3.1 | 13.00 | 107.06 | 120.06 | OK | |
r-release-macos-arm64 | 0.3.1 | 56.00 | OK | |||
r-release-macos-x86_64 | 0.3.1 | 124.00 | OK | |||
r-release-windows-x86_64 | 0.3.1 | 15.00 | 111.00 | 126.00 | OK | |
r-oldrel-macos-arm64 | 0.3.1 | 53.00 | NOTE | |||
r-oldrel-macos-x86_64 | 0.3.1 | 91.00 | NOTE | |||
r-oldrel-windows-x86_64 | 0.3.1 | 19.00 | 142.00 | 161.00 | NOTE |
Version: 0.3.1
Check: package dependencies
Result: NOTE
Package suggested but not available for checking: ‘mlr3proba’
Flavors: r-oldrel-macos-arm64, r-oldrel-macos-x86_64, r-oldrel-windows-x86_64