Last updated on 2025-11-20 02:49:20 CET.
| Flavor | Version | Tinstall | Tcheck | Ttotal | Status | Flags |
|---|---|---|---|---|---|---|
| r-devel-linux-x86_64-debian-clang | 1.3.3 | 14.42 | 137.52 | 151.94 | NOTE | |
| r-devel-linux-x86_64-debian-gcc | 1.3.3 | 9.55 | 98.49 | 108.04 | NOTE | |
| r-devel-linux-x86_64-fedora-clang | 1.3.3 | 31.00 | 205.16 | 236.16 | OK | |
| r-devel-linux-x86_64-fedora-gcc | 1.3.3 | 30.00 | 198.95 | 228.95 | OK | |
| r-devel-windows-x86_64 | 1.3.3 | 18.00 | 141.00 | 159.00 | OK | |
| r-patched-linux-x86_64 | 1.3.3 | 11.74 | 131.29 | 143.03 | OK | |
| r-release-linux-x86_64 | 1.3.3 | 12.12 | 128.86 | 140.98 | OK | |
| r-release-macos-arm64 | 1.3.3 | OK | ||||
| r-release-macos-x86_64 | 1.3.3 | 11.00 | 109.00 | 120.00 | OK | |
| r-release-windows-x86_64 | 1.3.3 | 15.00 | 134.00 | 149.00 | OK | |
| r-oldrel-macos-arm64 | 1.3.3 | OK | ||||
| r-oldrel-macos-x86_64 | 1.3.3 | 8.00 | 90.00 | 98.00 | OK | |
| r-oldrel-windows-x86_64 | 1.3.3 | 20.00 | 186.00 | 206.00 | OK |
Version: 1.3.3
Check: CRAN incoming feasibility
Result: NOTE
Maintainer: ‘David Winter <david.winter@gmail.com>’
Package CITATION file contains call(s) to old-style personList() or
as.personList(). Please use c() on person objects instead.
Package CITATION file contains call(s) to old-style citEntry(). Please
use bibentry() instead.
Flavors: r-devel-linux-x86_64-debian-clang, r-devel-linux-x86_64-debian-gcc