Last updated on 2024-07-27 01:53:17 CEST.
Flavor | Version | Tinstall | Tcheck | Ttotal | Status | Flags |
---|---|---|---|---|---|---|
r-devel-linux-x86_64-debian-clang | 0.2.5 | 4.28 | 111.13 | 115.41 | NOTE | |
r-devel-linux-x86_64-debian-gcc | 0.2.5 | 3.67 | 78.90 | 82.57 | NOTE | |
r-devel-linux-x86_64-fedora-clang | 0.2.5 | 143.69 | NOTE | |||
r-devel-linux-x86_64-fedora-gcc | 0.2.5 | 148.32 | NOTE | |||
r-devel-windows-x86_64 | 0.2.5 | 6.00 | 125.00 | 131.00 | NOTE | |
r-patched-linux-x86_64 | 0.2.5 | NOTE | ||||
r-release-linux-x86_64 | 0.2.5 | 4.61 | 110.29 | 114.90 | NOTE | |
r-release-macos-arm64 | 0.2.5 | 52.00 | NOTE | |||
r-release-macos-x86_64 | 0.2.5 | 73.00 | NOTE | |||
r-release-windows-x86_64 | 0.2.5 | 6.00 | 124.00 | 130.00 | NOTE | |
r-oldrel-macos-arm64 | 0.2.5 | 58.00 | OK | |||
r-oldrel-macos-x86_64 | 0.2.5 | 169.00 | OK | |||
r-oldrel-windows-x86_64 | 0.2.5 | 7.00 | 177.00 | 184.00 | OK |
Version: 0.2.5
Check: Rd files
Result: NOTE
checkRd: (-1) average.fit.models.Rd:6: Lost braces; missing escapes or markup?
6 | These function takes the output of pgls.iter and uses its list of objects { model fits, optimzations (e.g.AICc)} and performs a weighted average on the ctoefficients estimated in the former by weighting by the latter. The parameters can also optionally be converted to binary by specifying "binary=FALSE" or just running the alias wraper function for assessing evidence of variable importance (Burnham & Anderson 2000).
| ^
Flavors: r-devel-linux-x86_64-debian-clang, r-devel-linux-x86_64-debian-gcc, r-devel-linux-x86_64-fedora-clang, r-devel-linux-x86_64-fedora-gcc, r-devel-windows-x86_64, r-patched-linux-x86_64, r-release-linux-x86_64, r-release-macos-arm64, r-release-macos-x86_64, r-release-windows-x86_64