Last updated on 2024-07-27 01:53:17 CEST.
Flavor | Version | Tinstall | Tcheck | Ttotal | Status | Flags |
---|---|---|---|---|---|---|
r-devel-linux-x86_64-debian-clang | 0.1.1 | 3.42 | 40.75 | 44.17 | OK | |
r-devel-linux-x86_64-debian-gcc | 0.1.1 | 2.82 | 30.38 | 33.20 | OK | |
r-devel-linux-x86_64-fedora-clang | 0.1.1 | 62.39 | OK | |||
r-devel-linux-x86_64-fedora-gcc | 0.1.1 | 58.30 | OK | |||
r-patched-linux-x86_64 | 0.1.1 | OK | ||||
r-release-macos-arm64 | 0.1.1 | 5.00 | ERROR | |||
r-release-macos-x86_64 | 0.1.1 | 10.00 | ERROR | |||
r-release-windows-x86_64 | 0.1.1 | 9.00 | 50.00 | 59.00 | OK | |
r-oldrel-macos-arm64 | 0.1.1 | 10.00 | ERROR | |||
r-oldrel-macos-x86_64 | 0.1.1 | 15.00 | ERROR | |||
r-oldrel-windows-x86_64 | 0.1.1 | 5.00 | 49.00 | 54.00 | OK |
Version: 0.1.1
Check: package dependencies
Result: ERROR
Package required but not available: ‘doMPI’
See section ‘The DESCRIPTION file’ in the ‘Writing R Extensions’
manual.
Flavors: r-release-macos-arm64, r-release-macos-x86_64, r-oldrel-macos-arm64, r-oldrel-macos-x86_64