Last updated on 2024-07-27 01:53:17 CEST.
Flavor | Version | Tinstall | Tcheck | Ttotal | Status | Flags |
---|---|---|---|---|---|---|
r-devel-linux-x86_64-debian-clang | 2.4.0 | 7.48 | 62.42 | 69.90 | NOTE | |
r-devel-linux-x86_64-debian-gcc | 2.4.0 | 4.92 | 46.17 | 51.09 | NOTE | |
r-devel-linux-x86_64-fedora-clang | 2.4.0 | 84.01 | NOTE | |||
r-devel-linux-x86_64-fedora-gcc | 2.4.0 | 78.72 | NOTE | |||
r-devel-windows-x86_64 | 2.4.0 | 6.00 | 65.00 | 71.00 | NOTE | |
r-patched-linux-x86_64 | 2.4.0 | NOTE | ||||
r-release-linux-x86_64 | 2.4.0 | 5.97 | 58.02 | 63.99 | NOTE | |
r-release-macos-arm64 | 2.4.0 | 23.00 | NOTE | |||
r-release-macos-x86_64 | 2.4.0 | 48.00 | NOTE | |||
r-release-windows-x86_64 | 2.4.0 | 6.00 | 61.00 | 67.00 | NOTE | |
r-oldrel-macos-arm64 | 2.4.0 | 27.00 | NOTE | |||
r-oldrel-macos-x86_64 | 2.4.0 | 40.00 | NOTE | |||
r-oldrel-windows-x86_64 | 2.4.0 | 9.00 | 75.00 | 84.00 | NOTE |
Version: 2.4.0
Check: Rd files
Result: NOTE
checkRd: (-1) lientz.Rd:45: Lost braces in \itemize; \value handles \item{}{} directly
checkRd: (-1) lientz.Rd:46: Lost braces in \itemize; \value handles \item{}{} directly
checkRd: (-1) lientz.Rd:47: Lost braces in \itemize; \value handles \item{}{} directly
checkRd: (-1) modeest-package.Rd:150: Escaped LaTeX specials: \&
checkRd: (-1) vieu.Rd:56: Escaped LaTeX specials: \&
Flavors: r-devel-linux-x86_64-debian-clang, r-devel-linux-x86_64-debian-gcc, r-devel-linux-x86_64-fedora-clang, r-devel-linux-x86_64-fedora-gcc, r-devel-windows-x86_64, r-patched-linux-x86_64, r-release-linux-x86_64, r-release-macos-arm64, r-release-macos-x86_64, r-release-windows-x86_64
Version: 2.4.0
Check: LazyData
Result: NOTE
'LazyData' is specified without a 'data' directory
Flavors: r-devel-linux-x86_64-debian-clang, r-devel-linux-x86_64-debian-gcc, r-devel-linux-x86_64-fedora-clang, r-devel-linux-x86_64-fedora-gcc, r-devel-windows-x86_64, r-patched-linux-x86_64, r-release-linux-x86_64, r-release-macos-arm64, r-release-macos-x86_64, r-release-windows-x86_64, r-oldrel-macos-arm64, r-oldrel-macos-x86_64, r-oldrel-windows-x86_64
Version: 2.4.0
Check: Rd files
Result: NOTE
checkRd: (-1) modeest-package.Rd:150: Escaped LaTeX specials: \&
checkRd: (-1) vieu.Rd:56: Escaped LaTeX specials: \&
Flavors: r-oldrel-macos-arm64, r-oldrel-macos-x86_64, r-oldrel-windows-x86_64