Last updated on 2024-07-27 01:53:17 CEST.
Flavor | Version | Tinstall | Tcheck | Ttotal | Status | Flags |
---|---|---|---|---|---|---|
r-devel-linux-x86_64-debian-clang | 0.2.3 | 24.77 | 314.83 | 339.60 | OK | |
r-devel-linux-x86_64-debian-gcc | 0.2.3 | 22.24 | 229.28 | 251.52 | OK | |
r-devel-linux-x86_64-fedora-clang | 0.2.3 | 415.66 | NOTE | |||
r-devel-linux-x86_64-fedora-gcc | 0.2.3 | 402.32 | NOTE | |||
r-devel-windows-x86_64 | 0.2.3 | 26.00 | 203.00 | 229.00 | OK | |
r-patched-linux-x86_64 | 0.2.3 | ERROR | ||||
r-release-linux-x86_64 | 0.2.3 | 19.24 | 293.12 | 312.36 | OK | |
r-release-macos-arm64 | 0.2.3 | 137.00 | OK | |||
r-release-macos-x86_64 | 0.2.3 | 203.00 | OK | |||
r-release-windows-x86_64 | 0.2.3 | 23.00 | 208.00 | 231.00 | OK | |
r-oldrel-macos-arm64 | 0.2.3 | 86.00 | OK | |||
r-oldrel-macos-x86_64 | 0.2.3 | 263.00 | OK | |||
r-oldrel-windows-x86_64 | 0.2.3 | 32.00 | 285.00 | 317.00 | OK |
Version: 0.2.3
Check: package dependencies
Result: NOTE
Imports includes 24 non-default packages.
Importing from so many packages makes the package vulnerable to any of
them becoming unavailable. Move as many as possible to Suggests and
use conditionally.
Flavor: r-devel-linux-x86_64-fedora-clang
Version: 0.2.3
Check: dependencies in R code
Result: NOTE
Namespaces in Imports field not imported from:
‘crayon’ ‘dials’ ‘glue’ ‘parsnip’
All declared Imports should be used.
Flavors: r-devel-linux-x86_64-fedora-clang, r-devel-linux-x86_64-fedora-gcc
Version: 0.2.3
Check: package dependencies
Result: ERROR
Package required but not available: ‘modeltime’
See section ‘The DESCRIPTION file’ in the ‘Writing R Extensions’
manual.
Flavor: r-patched-linux-x86_64