Last updated on 2024-07-27 01:53:17 CEST.
Flavor | Version | Tinstall | Tcheck | Ttotal | Status | Flags |
---|---|---|---|---|---|---|
r-devel-linux-x86_64-debian-clang | 0.6.1 | 10.02 | 119.42 | 129.44 | OK | |
r-devel-linux-x86_64-debian-gcc | 0.6.1 | 8.49 | 92.09 | 100.58 | OK | |
r-devel-linux-x86_64-fedora-clang | 0.6.1 | 168.01 | NOTE | |||
r-devel-linux-x86_64-fedora-gcc | 0.6.1 | 167.83 | NOTE | |||
r-devel-windows-x86_64 | 0.6.1 | 11.00 | 112.00 | 123.00 | OK | |
r-patched-linux-x86_64 | 0.6.1 | OK | ||||
r-release-linux-x86_64 | 0.6.1 | 6.72 | 113.11 | 119.83 | OK | |
r-release-macos-arm64 | 0.6.1 | 64.00 | OK | |||
r-release-macos-x86_64 | 0.6.1 | 119.00 | OK | |||
r-release-windows-x86_64 | 0.6.1 | 11.00 | 112.00 | 123.00 | OK | |
r-oldrel-macos-arm64 | 0.6.1 | 73.00 | OK | |||
r-oldrel-macos-x86_64 | 0.6.1 | 150.00 | OK | |||
r-oldrel-windows-x86_64 | 0.6.1 | 15.00 | 138.00 | 153.00 | OK |
Version: 0.6.1
Check: data for non-ASCII characters
Result: NOTE
Note: found 5238 marked UTF-8 strings
Flavors: r-devel-linux-x86_64-fedora-clang, r-devel-linux-x86_64-fedora-gcc