Last updated on 2025-11-16 01:49:22 CET.
| Flavor | Version | Tinstall | Tcheck | Ttotal | Status | Flags |
|---|---|---|---|---|---|---|
| r-devel-linux-x86_64-debian-clang | 0.2.2 | 3.31 | 32.94 | 36.25 | OK | |
| r-devel-linux-x86_64-debian-gcc | 0.2.2 | 2.70 | 26.50 | 29.20 | OK | |
| r-devel-linux-x86_64-fedora-clang | 0.2.2 | 55.67 | OK | |||
| r-devel-linux-x86_64-fedora-gcc | 0.2.2 | 53.13 | OK | |||
| r-devel-windows-x86_64 | 0.2.2 | 10.00 | 50.00 | 60.00 | OK | |
| r-patched-linux-x86_64 | 0.2.2 | 3.30 | 31.49 | 34.79 | OK | |
| r-release-linux-x86_64 | 0.2.2 | 3.09 | 31.31 | 34.40 | OK | |
| r-release-macos-arm64 | 0.2.2 | 2.00 | 20.00 | 22.00 | OK | |
| r-release-macos-x86_64 | 0.2.2 | 3.00 | 35.00 | 38.00 | OK | |
| r-release-windows-x86_64 | 0.2.2 | 9.00 | 52.00 | 61.00 | OK | |
| r-oldrel-macos-arm64 | 0.2.2 | 2.00 | 18.00 | 20.00 | NOTE | |
| r-oldrel-macos-x86_64 | 0.2.2 | 3.00 | 28.00 | 31.00 | NOTE | |
| r-oldrel-windows-x86_64 | 0.2.2 | 9.00 | 59.00 | 68.00 | NOTE |
Version: 0.2.2
Check: installed package size
Result: NOTE
installed size is 14.8Mb
sub-directories of 1Mb or more:
htmlwidgets 14.7Mb
Flavors: r-oldrel-macos-arm64, r-oldrel-macos-x86_64, r-oldrel-windows-x86_64