Last updated on 2024-07-27 01:53:17 CEST.
Flavor | Version | Tinstall | Tcheck | Ttotal | Status | Flags |
---|---|---|---|---|---|---|
r-devel-linux-x86_64-debian-clang | 1.1.5 | 2.70 | 38.60 | 41.30 | OK | |
r-devel-linux-x86_64-debian-gcc | 1.1.5 | 1.91 | 31.53 | 33.44 | NOTE | |
r-devel-linux-x86_64-fedora-clang | 1.1.5 | 52.33 | OK | |||
r-devel-linux-x86_64-fedora-gcc | 1.1.5 | 49.98 | OK | |||
r-devel-windows-x86_64 | 1.1.5 | 3.00 | 53.00 | 56.00 | NOTE | |
r-patched-linux-x86_64 | 1.1.5 | OK | ||||
r-release-linux-x86_64 | 1.1.5 | 2.06 | 37.94 | 40.00 | OK | |
r-release-macos-arm64 | 1.1.5 | 23.00 | OK | |||
r-release-macos-x86_64 | 1.1.5 | 32.00 | OK | |||
r-release-windows-x86_64 | 1.1.5 | 3.00 | 52.00 | 55.00 | OK | |
r-oldrel-macos-arm64 | 1.1.5 | 21.00 | OK | |||
r-oldrel-macos-x86_64 | 1.1.5 | 29.00 | OK | |||
r-oldrel-windows-x86_64 | 1.1.5 | 4.00 | 100.00 | 104.00 | OK |
Version: 1.1.5
Check: Rd cross-references
Result: NOTE
Found the following Rd file(s) with Rd \link{} targets missing package
anchors:
monmlp.fit.Rd: optimx
Please provide package anchors for all Rd \link{} targets not in the
package itself and the base packages.
Flavors: r-devel-linux-x86_64-debian-gcc, r-devel-windows-x86_64