Last updated on 2025-05-13 01:51:09 CEST.
Flavor | Version | Tinstall | Tcheck | Ttotal | Status | Flags |
---|---|---|---|---|---|---|
r-devel-linux-x86_64-debian-clang | 0.1.2 | 20.98 | 57.16 | 78.14 | OK | |
r-devel-linux-x86_64-debian-gcc | 0.1.5 | 14.23 | 47.33 | 61.56 | OK | |
r-devel-linux-x86_64-fedora-clang | 0.1.5 | 19.60 | ERROR | |||
r-devel-linux-x86_64-fedora-gcc | 0.1.5 | 26.73 | ERROR | |||
r-devel-windows-x86_64 | 0.1.2 | 47.00 | 92.00 | 139.00 | OK | |
r-patched-linux-x86_64 | 0.1.2 | 23.16 | 57.23 | 80.39 | OK | |
r-release-linux-x86_64 | 0.1.2 | 23.08 | 57.49 | 80.57 | OK | |
r-release-macos-arm64 | 0.1.5 | 45.00 | OK | |||
r-release-macos-x86_64 | 0.1.5 | 13.00 | ERROR | |||
r-release-windows-x86_64 | 0.1.5 | 39.00 | 99.00 | 138.00 | OK | |
r-oldrel-macos-arm64 | 0.1.5 | 51.00 | NOTE | |||
r-oldrel-macos-x86_64 | 0.1.5 | 22.00 | ERROR | |||
r-oldrel-windows-x86_64 | 0.1.2 | 56.00 | 112.00 | 168.00 | NOTE |
Version: 0.1.5
Check: whether package can be installed
Result: ERROR
Installation failed.
Flavors: r-devel-linux-x86_64-fedora-clang, r-devel-linux-x86_64-fedora-gcc, r-release-macos-x86_64, r-oldrel-macos-x86_64
Version: 0.1.5
Check: for GNU extensions in Makefiles
Result: NOTE
GNU make is a SystemRequirements.
Flavor: r-oldrel-macos-arm64
Version: 0.1.2
Check: for GNU extensions in Makefiles
Result: NOTE
GNU make is a SystemRequirements.
Flavor: r-oldrel-windows-x86_64