Last updated on 2025-05-19 02:49:41 CEST.
Flavor | Version | Tinstall | Tcheck | Ttotal | Status | Flags |
---|---|---|---|---|---|---|
r-devel-linux-x86_64-debian-clang | 4.2.6 | 60.52 | 450.54 | 511.06 | OK | |
r-devel-linux-x86_64-debian-gcc | 4.2.6 | 37.42 | 283.36 | 320.78 | OK | |
r-devel-linux-x86_64-fedora-clang | 4.2.6 | 894.78 | OK | |||
r-devel-linux-x86_64-fedora-gcc | 4.2.6 | 864.79 | OK | |||
r-devel-windows-x86_64 | 4.2.6 | 57.00 | 450.00 | 507.00 | OK | |
r-patched-linux-x86_64 | 4.2.6 | 60.95 | 423.44 | 484.39 | OK | |
r-release-linux-x86_64 | 4.2.6 | 58.97 | 424.72 | 483.69 | OK | |
r-release-macos-arm64 | 4.2.6 | 220.00 | OK | |||
r-release-macos-x86_64 | 4.2.6 | 452.00 | OK | |||
r-release-windows-x86_64 | 4.2.6 | 58.00 | 443.00 | 501.00 | OK | |
r-oldrel-macos-arm64 | 4.2.6 | 177.00 | NOTE | |||
r-oldrel-macos-x86_64 | 4.2.6 | 349.00 | NOTE | |||
r-oldrel-windows-x86_64 | 4.2.6 | 80.00 | 583.00 | 663.00 | OK |
Version: 4.2.6
Check: installed package size
Result: NOTE
installed size is 5.4Mb
sub-directories of 1Mb or more:
R 2.0Mb
Flavors: r-oldrel-macos-arm64, r-oldrel-macos-x86_64