Last updated on 2025-05-06 02:50:25 CEST.
Flavor | Version | Tinstall | Tcheck | Ttotal | Status | Flags |
---|---|---|---|---|---|---|
r-devel-linux-x86_64-debian-clang | 0.4-2.26 | 24.91 | 121.03 | 145.94 | NOTE | |
r-devel-linux-x86_64-debian-gcc | 0.4-2.26 | 16.94 | 88.35 | 105.29 | NOTE | |
r-devel-linux-x86_64-fedora-clang | 0.4-2.26 | 225.86 | OK | |||
r-devel-linux-x86_64-fedora-gcc | 0.4-2.26 | 236.91 | OK | |||
r-devel-windows-x86_64 | 0.4-2.26 | 37.00 | 177.00 | 214.00 | OK | |
r-patched-linux-x86_64 | 0.4-2.26 | 25.18 | 118.65 | 143.83 | OK | |
r-release-linux-x86_64 | 0.4-2.26 | 23.33 | 115.62 | 138.95 | OK | |
r-release-macos-arm64 | 0.4-2.26 | 94.00 | OK | |||
r-release-macos-x86_64 | 0.4-2.26 | 152.00 | OK | |||
r-release-windows-x86_64 | 0.4-2.26 | 39.00 | 178.00 | 217.00 | OK | |
r-oldrel-macos-arm64 | 0.4-2.26 | 80.00 | OK | |||
r-oldrel-macos-x86_64 | 0.4-2.26 | 198.00 | OK | |||
r-oldrel-windows-x86_64 | 0.4-2.26 | 48.00 | 201.00 | 249.00 | OK |
Version: 0.4-2.26
Check: CRAN incoming feasibility
Result: NOTE
Maintainer: ‘Zhu Wang <zwang145@uthsc.edu>’
No Authors@R field in DESCRIPTION.
Please add one, modifying
Authors@R: c(person(given = "Zhu",
family = "Wang",
role = c("aut", "cre"),
email = "zwang145@uthsc.edu"),
person(given = c("with", "contributions", "from", "Achim"),
family = "Zeileis",
role = "aut"),
person(given = "Simon",
family = "Jackman",
role = "aut"),
person(given = "Brian",
family = "Ripley",
role = "aut"),
person(given = "Patrick",
family = "Breheny",
role = "aut"))
as necessary.
The BugReports field in DESCRIPTION has
https://github.com/zhuwang46/mpath
which should likely be
https://github.com/zhuwang46/mpath/issues
instead.
Flavors: r-devel-linux-x86_64-debian-clang, r-devel-linux-x86_64-debian-gcc