Last updated on 2024-07-27 01:53:17 CEST.
Flavor | Version | Tinstall | Tcheck | Ttotal | Status | Flags |
---|---|---|---|---|---|---|
r-devel-linux-x86_64-debian-clang | 3.0.0 | 17.93 | 192.64 | 210.57 | OK | |
r-devel-linux-x86_64-debian-gcc | 3.0.0 | 11.06 | 143.72 | 154.78 | OK | |
r-devel-linux-x86_64-fedora-clang | 3.0.0 | 258.58 | OK | |||
r-devel-linux-x86_64-fedora-gcc | 3.0.0 | 250.83 | OK | |||
r-devel-windows-x86_64 | 3.0.0 | 15.00 | 145.00 | 160.00 | OK | |
r-patched-linux-x86_64 | 3.0.0 | OK | ||||
r-release-linux-x86_64 | 3.0.0 | 9.75 | 179.86 | 189.61 | OK | |
r-release-macos-arm64 | 3.0.0 | 121.00 | OK | |||
r-release-macos-x86_64 | 3.0.0 | 207.00 | OK | |||
r-release-windows-x86_64 | 3.0.0 | 14.00 | 147.00 | 161.00 | OK | |
r-oldrel-macos-arm64 | 3.0.0 | 124.00 | WARN | |||
r-oldrel-macos-x86_64 | 3.0.0 | 196.00 | WARN | |||
r-oldrel-windows-x86_64 | 3.0.0 | 18.00 | 189.00 | 207.00 | WARN |
Version: 3.0.0
Check: examples
Result: WARN
Found the following significant warnings:
Warning: 'generate_mpm_set' is deprecated.
Warning: 'random_mpm' is deprecated.
Warning: 'random_mpm' is deprecated.
Warning: 'random_mpm' is deprecated.
Warning: 'random_mpm' is deprecated.
Warning: 'random_mpm' is deprecated.
Warning: 'random_mpm' is deprecated.
Warning: 'random_mpm' is deprecated.
Warning: 'random_mpm' is deprecated.
Warning: 'random_mpm' is deprecated.
Warning: 'random_mpm' is deprecated.
Warning: 'generate_mpm_set' is deprecated.
Warning: 'random_mpm' is deprecated.
Warning: 'random_mpm' is deprecated.
Warning: 'random_mpm' is deprecated.
Warning: 'random_mpm' is deprecated.
Warning: 'random_mpm' is deprecated.
Warning: 'random_mpm' is deprecated.
Warning: 'random_mpm' is deprecated.
Warning: 'random_mpm' is deprecated.
Warning: 'random_mpm' is deprecated.
Warning: 'random_mpm' is deprecated.
Warning: 'random_mpm' is deprecated.
Warning: 'random_mpm' is deprecated.
Warning: 'random_mpm' is deprecated.
Warning: 'random_mpm' is deprecated.
Warning: 'random_mpm' is deprecated.
Warning: 'random_mpm' is deprecated.
Warning: 'random_mpm' is deprecated.
Warning: 'random_mpm' is deprecated.
Warning: 'random_mpm' is deprecated.
Warning: 'random_mpm' is deprecated.
Warning: 'random_mpm' is deprecated.
Warning: 'random_mpm' is deprecated.
Warning: 'random_mpm' is deprecated.
Warning: 'random_mpm' is deprecated.
Warning: 'generate_mpm_set' is deprecated.
Warning: 'random_mpm' is deprecated.
Warning: 'random_mpm' is deprecated.
Warning: 'random_mpm' is deprecated.
Warning: 'random_mpm' is deprecated.
Warning: 'random_mpm' is deprecated.
Warning: 'random_mpm' is deprecated.
Warning: 'random_mpm' is deprecated.
Warning: 'random_mpm' is deprecated.
Warning: 'random_mpm' is deprecated.
Warning: 'random_mpm' is deprecated.
Warning: 'random_mpm' is deprecated.
Warning: 'random_mpm' is deprecated.
Warning: 'random_mpm' is deprecated.
Warning: 'random_mpm' is deprecated.
Warning: 'random_mpm' is deprecated.
Warning: 'random_mpm' is deprecated.
Warning: 'random_mpm' is deprecated.
Warning: 'random_mpm' is deprecated.
Warning: 'random_mpm' is deprecated.
Warning: 'random_mpm' is deprecated.
Warning: 'random_mpm' is deprecated.
Warning: 'random_mpm' is deprecated.
Warning: 'random_mpm' is deprecated.
Warning: 'random_mpm' is deprecated.
Warning: 'random_mpm' is deprecated.
Warning: 'random_mpm' is deprecated.
Warning: 'random_mpm' is deprecated.
Warning: 'generate_mpm_set' is deprecated.
Warning: 'random_mpm' is deprecated.
Warning: 'random_mpm' is deprecated.
Warning: 'random_mpm' is deprecated.
Warning: 'random_mpm' is deprecated.
Warning: 'random_mpm' is deprecated.
Warning: 'random_mpm' is deprecated.
Warning: 'random_mpm' is deprecated.
Warning: 'random_mpm' is deprecated.
Warning: 'random_mpm' is deprecated.
Warning: 'random_mpm' is deprecated.
Warning: 'random_mpm' is deprecated.
Warning: 'random_mpm' is deprecated.
Warning: 'random_mpm' is deprecated.
Warning: 'random_mpm' is deprecated.
Warning: 'random_mpm' is deprecated.
Warning: 'random_mpm' is deprecated.
Warning: 'random_mpm' is deprecated.
Warning: 'random_mpm' is deprecated.
Warning: 'random_mpm' is deprecated.
Warning: 'random_mpm' is deprecated.
Warning: 'random_mpm' is deprecated.
Deprecated functions may be defunct as soon as of the next release of
R.
See ?Deprecated.
Flavors: r-oldrel-macos-arm64, r-oldrel-macos-x86_64, r-oldrel-windows-x86_64