Last updated on 2024-07-27 01:53:17 CEST.
Flavor | Version | Tinstall | Tcheck | Ttotal | Status | Flags |
---|---|---|---|---|---|---|
r-devel-linux-x86_64-debian-clang | 0.5.1 | 635.54 | 185.10 | 820.64 | NOTE | |
r-devel-linux-x86_64-debian-gcc | 0.5.1 | 537.08 | 183.15 | 720.23 | NOTE | |
r-devel-linux-x86_64-fedora-clang | 0.5.1 | 1056.30 | NOTE | |||
r-devel-linux-x86_64-fedora-gcc | 0.5.1 | 1471.70 | NOTE | |||
r-devel-windows-x86_64 | 0.5.1 | 519.00 | 206.00 | 725.00 | NOTE | |
r-patched-linux-x86_64 | 0.5.1 | NOTE | ||||
r-release-linux-x86_64 | 0.5.1 | 492.93 | 237.10 | 730.03 | NOTE | |
r-release-macos-arm64 | 0.5.1 | 261.00 | NOTE | |||
r-release-macos-x86_64 | 0.5.1 | 219.00 | NOTE | |||
r-release-windows-x86_64 | 0.5.1 | 503.00 | 199.00 | 702.00 | NOTE | |
r-oldrel-macos-arm64 | 0.5.1 | 217.00 | NOTE | |||
r-oldrel-macos-x86_64 | 0.5.1 | 435.00 | NOTE | |||
r-oldrel-windows-x86_64 | 0.5.1 | 661.00 | 250.00 | 911.00 | NOTE |
Version: 0.5.1
Check: Rd files
Result: NOTE
checkRd: (-1) mvmr_egger_rjags.Rd:51-59: Lost braces
51 | if (requireNamespace("rjags", quietly = TRUE)) {
| ^
Flavors: r-devel-linux-x86_64-debian-clang, r-devel-linux-x86_64-debian-gcc, r-devel-linux-x86_64-fedora-clang, r-devel-linux-x86_64-fedora-gcc, r-devel-windows-x86_64, r-patched-linux-x86_64, r-release-linux-x86_64, r-release-macos-arm64, r-release-macos-x86_64, r-release-windows-x86_64
Version: 0.5.1
Check: for GNU extensions in Makefiles
Result: NOTE
GNU make is a SystemRequirements.
Flavors: r-devel-linux-x86_64-debian-clang, r-devel-linux-x86_64-debian-gcc, r-devel-linux-x86_64-fedora-clang, r-devel-linux-x86_64-fedora-gcc, r-devel-windows-x86_64, r-patched-linux-x86_64, r-release-linux-x86_64, r-release-macos-arm64, r-release-macos-x86_64, r-release-windows-x86_64, r-oldrel-macos-arm64, r-oldrel-macos-x86_64, r-oldrel-windows-x86_64
Version: 0.5.1
Check: Rd cross-references
Result: NOTE
Found the following Rd file(s) with Rd \link{} targets missing package
anchors:
mr_egger_stan.Rd: stanfit
mr_ivw_stan.Rd: stanfit
mr_radialegger_stan.Rd: stanfit
mvmr_egger_stan.Rd: stanfit
mvmr_ivw_stan.Rd: stanfit
Please provide package anchors for all Rd \link{} targets not in the
package itself and the base packages.
Flavors: r-devel-linux-x86_64-debian-gcc, r-devel-windows-x86_64
Version: 0.5.1
Check: installed package size
Result: NOTE
installed size is 5.9Mb
sub-directories of 1Mb or more:
libs 5.5Mb
Flavors: r-devel-linux-x86_64-fedora-clang, r-devel-windows-x86_64, r-release-macos-arm64, r-release-macos-x86_64, r-oldrel-macos-arm64, r-oldrel-macos-x86_64, r-oldrel-windows-x86_64
Version: 0.5.1
Check: dependencies in R code
Result: NOTE
Namespace in Imports field not imported from: ‘rstantools’
All declared Imports should be used.
Flavors: r-devel-linux-x86_64-fedora-clang, r-devel-linux-x86_64-fedora-gcc