Last updated on 2025-10-11 01:50:17 CEST.
Flavor | Version | Tinstall | Tcheck | Ttotal | Status | Flags |
---|---|---|---|---|---|---|
r-devel-linux-x86_64-debian-clang | 0.0.1.0 | 12.05 | 122.02 | 134.07 | NOTE | |
r-devel-linux-x86_64-debian-gcc | 0.0.1.0 | 8.20 | 86.39 | 94.59 | NOTE | |
r-devel-linux-x86_64-fedora-clang | 0.0.1.0 | 215.69 | OK | |||
r-devel-linux-x86_64-fedora-gcc | 0.0.1.0 | 196.47 | OK | |||
r-devel-windows-x86_64 | 0.0.1.0 | 12.00 | 122.00 | 134.00 | OK | |
r-patched-linux-x86_64 | 0.0.1.0 | 10.84 | 114.31 | 125.15 | OK | |
r-release-linux-x86_64 | 0.0.1.0 | 10.53 | 113.97 | 124.50 | OK | |
r-release-macos-arm64 | 0.0.1.0 | 66.00 | OK | |||
r-release-macos-x86_64 | 0.0.1.0 | 129.00 | OK | |||
r-release-windows-x86_64 | 0.0.1.0 | 14.00 | 129.00 | 143.00 | OK | |
r-oldrel-macos-arm64 | 0.0.1.0 | 65.00 | OK | |||
r-oldrel-macos-x86_64 | 0.0.1.0 | 93.00 | OK | |||
r-oldrel-windows-x86_64 | 0.0.1.0 | 18.00 | 159.00 | 177.00 | OK |
Version: 0.0.1.0
Check: CRAN incoming feasibility
Result: NOTE
Maintainer: ‘Jeremy Oguamalam <jeremy.oguamalam@tuwien.ac.at>’
The Description field contains
implementation of Oguamalam et al. (2023) <arXiv:2307.13509>.
Please refer to arXiv e-prints via their arXiv DOI <doi:10.48550/arXiv.YYMM.NNNNN>.
Flavors: r-devel-linux-x86_64-debian-clang, r-devel-linux-x86_64-debian-gcc