Last updated on 2024-07-27 01:53:17 CEST.
Flavor | Version | Tinstall | Tcheck | Ttotal | Status | Flags |
---|---|---|---|---|---|---|
r-devel-linux-x86_64-debian-clang | 2.3.0 | 19.87 | 146.98 | 166.85 | OK | |
r-devel-linux-x86_64-debian-gcc | 2.3.0 | 16.20 | 108.22 | 124.42 | NOTE | |
r-devel-linux-x86_64-fedora-clang | 2.3.0 | 207.23 | OK | |||
r-devel-linux-x86_64-fedora-gcc | 2.3.0 | 191.80 | OK | |||
r-devel-windows-x86_64 | 2.3.0 | 19.00 | 135.00 | 154.00 | NOTE | |
r-patched-linux-x86_64 | 2.3.0 | OK | ||||
r-release-linux-x86_64 | 2.3.0 | 20.38 | 135.21 | 155.59 | OK | |
r-release-macos-arm64 | 2.3.0 | 53.00 | OK | |||
r-release-macos-x86_64 | 2.3.0 | 82.00 | OK | |||
r-release-windows-x86_64 | 2.3.0 | 18.00 | 132.00 | 150.00 | OK | |
r-oldrel-macos-arm64 | 2.3.0 | 59.00 | OK | |||
r-oldrel-macos-x86_64 | 2.3.0 | 115.00 | OK | |||
r-oldrel-windows-x86_64 | 2.3.0 | 23.00 | 156.00 | 179.00 | OK |
Version: 2.3.0
Check: Rd cross-references
Result: NOTE
Found the following Rd file(s) with Rd \link{} targets missing package
anchors:
ddf.Rd: optimx
detfct.fit.opt.Rd: optimx
nlminb_wrapper.Rd: optimx
rescale_pars.Rd: optimx
Please provide package anchors for all Rd \link{} targets not in the
package itself and the base packages.
Flavors: r-devel-linux-x86_64-debian-gcc, r-devel-windows-x86_64