Last updated on 2024-07-27 01:53:17 CEST.
Flavor | Version | Tinstall | Tcheck | Ttotal | Status | Flags |
---|---|---|---|---|---|---|
r-devel-linux-x86_64-debian-clang | 0.2.1 | 8.96 | 110.03 | 118.99 | OK | |
r-devel-linux-x86_64-debian-gcc | 0.2.1 | 5.04 | 82.07 | 87.11 | NOTE | |
r-devel-linux-x86_64-fedora-clang | 0.2.1 | 160.71 | NOTE | |||
r-devel-linux-x86_64-fedora-gcc | 0.2.1 | 159.44 | OK | |||
r-devel-windows-x86_64 | 0.2.1 | 9.00 | 111.00 | 120.00 | NOTE | |
r-patched-linux-x86_64 | 0.2.1 | OK | ||||
r-release-linux-x86_64 | 0.2.1 | 5.29 | 103.92 | 109.21 | OK | |
r-release-macos-arm64 | 0.2.1 | 54.00 | OK | |||
r-release-macos-x86_64 | 0.2.1 | 81.00 | OK | |||
r-release-windows-x86_64 | 0.2.1 | 9.00 | 110.00 | 119.00 | OK | |
r-oldrel-macos-arm64 | 0.2.1 | 57.00 | OK | |||
r-oldrel-macos-x86_64 | 0.2.1 | 76.00 | OK | |||
r-oldrel-windows-x86_64 | 0.2.1 | 9.00 | 134.00 | 143.00 | OK |
Version: 0.2.1
Check: Rd cross-references
Result: NOTE
Found the following Rd file(s) with Rd \link{} targets missing package
anchors:
parallel_mrgsim_d.Rd: mrgsim_d, future_lapply
parallel_mrgsim_ei.Rd: mrgsim_d, future_lapply
Please provide package anchors for all Rd \link{} targets not in the
package itself and the base packages.
Flavors: r-devel-linux-x86_64-debian-gcc, r-devel-windows-x86_64
Version: 0.2.1
Check: Rd cross-references
Result: NOTE
Undeclared package ‘processx’ in Rd xrefs
Flavor: r-devel-linux-x86_64-fedora-clang