Last updated on 2025-02-16 02:51:24 CET.
Flavor | Version | Tinstall | Tcheck | Ttotal | Status | Flags |
---|---|---|---|---|---|---|
r-devel-linux-x86_64-debian-clang | 1.5.2 | 95.81 | 134.00 | 229.81 | OK | |
r-devel-linux-x86_64-debian-gcc | 1.5.2 | 72.50 | 88.01 | 160.51 | OK | |
r-devel-linux-x86_64-fedora-clang | 1.5.2 | 414.89 | OK | |||
r-devel-linux-x86_64-fedora-gcc | 1.5.2 | 407.80 | OK | |||
r-devel-macos-arm64 | 1.5.2 | 88.00 | OK | |||
r-devel-macos-x86_64 | 1.5.2 | 160.00 | OK | |||
r-devel-windows-x86_64 | 1.5.2 | 124.00 | 187.00 | 311.00 | OK | |
r-patched-linux-x86_64 | 1.5.2 | 100.30 | 123.99 | 224.29 | OK | |
r-release-linux-x86_64 | 1.5.2 | 101.03 | 122.16 | 223.19 | OK | |
r-release-macos-arm64 | 1.5.2 | 88.00 | NOTE | |||
r-release-macos-x86_64 | 1.5.2 | 147.00 | NOTE | |||
r-release-windows-x86_64 | 1.5.2 | 124.00 | 184.00 | 308.00 | OK | |
r-oldrel-macos-arm64 | 1.5.2 | 92.00 | NOTE | |||
r-oldrel-macos-x86_64 | 1.5.2 | 131.00 | NOTE | |||
r-oldrel-windows-x86_64 | 1.5.2 | 152.00 | 229.00 | 381.00 | OK |
Version: 1.5.2
Check: installed package size
Result: NOTE
installed size is 7.4Mb
sub-directories of 1Mb or more:
libs 5.4Mb
Flavors: r-release-macos-arm64, r-release-macos-x86_64, r-oldrel-macos-arm64, r-oldrel-macos-x86_64