Last updated on 2025-11-13 01:50:27 CET.
| Flavor | Version | Tinstall | Tcheck | Ttotal | Status | Flags |
|---|---|---|---|---|---|---|
| r-devel-linux-x86_64-debian-clang | 0.5-3 | 10.85 | 69.80 | 80.65 | NOTE | |
| r-devel-linux-x86_64-debian-gcc | 0.5-3 | 9.22 | 58.40 | 67.62 | NOTE | |
| r-devel-linux-x86_64-fedora-clang | 0.5-3 | 23.00 | 102.16 | 125.16 | OK | |
| r-devel-linux-x86_64-fedora-gcc | 0.5-3 | 23.00 | 98.51 | 121.51 | OK | |
| r-devel-windows-x86_64 | 0.5-3 | 14.00 | 81.00 | 95.00 | OK | |
| r-patched-linux-x86_64 | 0.5-3 | 11.09 | 66.32 | 77.41 | OK | |
| r-release-linux-x86_64 | 0.5-3 | 10.51 | 65.63 | 76.14 | OK | |
| r-release-windows-x86_64 | 0.5-3 | 16.00 | 82.00 | 98.00 | OK | |
| r-oldrel-windows-x86_64 | 0.5-3 | 20.00 | 97.00 | 117.00 | OK |
Version: 0.5-3
Check: CRAN incoming feasibility
Result: NOTE
Maintainer: ‘Jon Clayden <code@clayden.org>’
Package CITATION file contains call(s) to old-style personList() or
as.personList(). Please use c() on person objects instead.
Package CITATION file contains call(s) to old-style citEntry(). Please
use bibentry() instead.
Flavors: r-devel-linux-x86_64-debian-clang, r-devel-linux-x86_64-debian-gcc