Last updated on 2024-07-27 01:53:17 CEST.
Flavor | Version | Tinstall | Tcheck | Ttotal | Status | Flags |
---|---|---|---|---|---|---|
r-devel-linux-x86_64-debian-clang | 1.0.0 | 2.06 | 24.63 | 26.69 | NOTE | |
r-devel-linux-x86_64-debian-gcc | 1.0.0 | 1.42 | 19.45 | 20.87 | NOTE | |
r-devel-linux-x86_64-fedora-clang | 1.0.0 | 35.59 | NOTE | |||
r-devel-linux-x86_64-fedora-gcc | 1.0.0 | 46.28 | NOTE | |||
r-devel-windows-x86_64 | 1.0.0 | 3.00 | 44.00 | 47.00 | NOTE | |
r-patched-linux-x86_64 | 1.0.0 | NOTE | ||||
r-release-linux-x86_64 | 1.0.0 | 2.01 | 23.69 | 25.70 | NOTE | |
r-release-macos-arm64 | 1.0.0 | 22.00 | NOTE | |||
r-release-macos-x86_64 | 1.0.0 | 38.00 | NOTE | |||
r-release-windows-x86_64 | 1.0.0 | 2.00 | 41.00 | 43.00 | NOTE | |
r-oldrel-macos-arm64 | 1.0.0 | 20.00 | OK | |||
r-oldrel-macos-x86_64 | 1.0.0 | 32.00 | OK | |||
r-oldrel-windows-x86_64 | 1.0.0 | 3.00 | 48.00 | 51.00 | OK |
Version: 1.0.0
Check: Rd files
Result: NOTE
checkRd: (-1) n.Rd:46: Lost braces in \itemize; \value handles \item{}{} directly
checkRd: (-1) n.Rd:47-48: Lost braces in \itemize; \value handles \item{}{} directly
checkRd: (-1) n.Rd:49-50: Lost braces in \itemize; \value handles \item{}{} directly
Flavors: r-devel-linux-x86_64-debian-clang, r-devel-linux-x86_64-debian-gcc, r-devel-linux-x86_64-fedora-clang, r-devel-linux-x86_64-fedora-gcc, r-devel-windows-x86_64, r-patched-linux-x86_64, r-release-linux-x86_64, r-release-macos-arm64, r-release-macos-x86_64, r-release-windows-x86_64