Last updated on 2024-07-27 01:53:17 CEST.
Flavor | Version | Tinstall | Tcheck | Ttotal | Status | Flags |
---|---|---|---|---|---|---|
r-devel-linux-x86_64-debian-clang | 0.4.0 | 7.17 | 52.80 | 59.97 | OK | |
r-devel-linux-x86_64-debian-gcc | 0.4.0 | 5.31 | 40.20 | 45.51 | NOTE | |
r-devel-linux-x86_64-fedora-clang | 0.4.0 | 76.81 | OK | |||
r-devel-linux-x86_64-fedora-gcc | 0.4.0 | 69.29 | OK | |||
r-devel-windows-x86_64 | 0.4.0 | 10.00 | 66.00 | 76.00 | NOTE | |
r-patched-linux-x86_64 | 0.4.0 | OK | ||||
r-release-linux-x86_64 | 0.4.0 | 5.37 | 51.37 | 56.74 | OK | |
r-release-macos-arm64 | 0.4.0 | 25.00 | OK | |||
r-release-macos-x86_64 | 0.4.0 | 40.00 | OK | |||
r-release-windows-x86_64 | 0.4.0 | 6.00 | 64.00 | 70.00 | OK | |
r-oldrel-macos-arm64 | 0.4.0 | 28.00 | OK | |||
r-oldrel-macos-x86_64 | 0.4.0 | 33.00 | OK | |||
r-oldrel-windows-x86_64 | 0.4.0 | 9.00 | 83.00 | 92.00 | OK |
Version: 0.4.0
Check: Rd cross-references
Result: NOTE
Found the following Rd file(s) with Rd \link{} targets missing package
anchors:
chart_labels_text.Rd: fp_text
ph_with.ms_chart.Rd: read_pptx
set_theme.Rd: fp_text, fp_border
Please provide package anchors for all Rd \link{} targets not in the
package itself and the base packages.
Flavors: r-devel-linux-x86_64-debian-gcc, r-devel-windows-x86_64