Last updated on 2025-05-06 02:50:25 CEST.
Flavor | Version | Tinstall | Tcheck | Ttotal | Status | Flags |
---|---|---|---|---|---|---|
r-devel-linux-x86_64-debian-clang | 1.2 | 3.79 | 36.28 | 40.07 | NOTE | |
r-devel-linux-x86_64-debian-gcc | 1.2 | 3.18 | 26.18 | 29.36 | NOTE | |
r-devel-linux-x86_64-fedora-clang | 1.2 | 61.60 | OK | |||
r-devel-linux-x86_64-fedora-gcc | 1.2 | 59.96 | OK | |||
r-devel-windows-x86_64 | 1.2 | 4.00 | 60.00 | 64.00 | OK | |
r-patched-linux-x86_64 | 1.2 | 5.62 | 34.14 | 39.76 | OK | |
r-release-linux-x86_64 | 1.2 | 3.42 | 33.84 | 37.26 | OK | |
r-release-macos-arm64 | 1.2 | 24.00 | OK | |||
r-release-macos-x86_64 | 1.2 | 50.00 | OK | |||
r-release-windows-x86_64 | 1.2 | 4.00 | 64.00 | 68.00 | OK | |
r-oldrel-macos-arm64 | 1.2 | 19.00 | OK | |||
r-oldrel-macos-x86_64 | 1.2 | 41.00 | OK | |||
r-oldrel-windows-x86_64 | 1.2 | 6.00 | 57.00 | 63.00 | OK |
Version: 1.2
Check: CRAN incoming feasibility
Result: NOTE
Maintainer: ‘David Magis <david.magis@uliege.be>’
No Authors@R field in DESCRIPTION.
Please add one, modifying
Authors@R: c(person(given = "David",
family = "Magis",
role = c("aut", "cre"),
email = "david.magis@uliege.be",
comment = "U Liege, Belgium"),
person(given = "Duanli",
family = "Yan",
role = "aut",
comment = "ETS, USA"),
person(given = "Alina",
family = "von Davier",
role = "aut",
comment = "ACTNext, USA"))
as necessary.
Flavors: r-devel-linux-x86_64-debian-clang, r-devel-linux-x86_64-debian-gcc