Last updated on 2025-11-19 01:48:54 CET.
| Flavor | Version | Tinstall | Tcheck | Ttotal | Status | Flags |
|---|---|---|---|---|---|---|
| r-devel-linux-x86_64-debian-clang | 0.1.0 | 16.21 | 139.53 | 155.74 | NOTE | |
| r-devel-linux-x86_64-debian-gcc | 0.1.0 | 12.84 | 95.78 | 108.62 | NOTE | |
| r-devel-linux-x86_64-fedora-clang | 0.1.0 | 35.00 | 210.46 | 245.46 | OK | |
| r-devel-linux-x86_64-fedora-gcc | 0.1.0 | 32.00 | 197.76 | 229.76 | OK | |
| r-devel-windows-x86_64 | 0.1.0 | 19.00 | 131.00 | 150.00 | OK | |
| r-patched-linux-x86_64 | 0.1.0 | 14.38 | 132.68 | 147.06 | OK | |
| r-release-linux-x86_64 | 0.1.0 | 14.79 | 134.07 | 148.86 | OK | |
| r-release-macos-arm64 | 0.1.0 | 7.00 | 52.00 | 59.00 | OK | |
| r-release-macos-x86_64 | 0.1.0 | 14.00 | 98.00 | 112.00 | OK | |
| r-release-windows-x86_64 | 0.1.0 | 17.00 | 129.00 | 146.00 | OK | |
| r-oldrel-macos-arm64 | 0.1.0 | 7.00 | 51.00 | 58.00 | OK | |
| r-oldrel-macos-x86_64 | 0.1.0 | 10.00 | 72.00 | 82.00 | OK | |
| r-oldrel-windows-x86_64 | 0.1.0 | 23.00 | 171.00 | 194.00 | OK |
Version: 0.1.0
Check: CRAN incoming feasibility
Result: NOTE
Maintainer: ‘Ye Tian <ye.t@columbia.edu>’
The Description field contains
Y., Weng, H., & Feng, Y. (2022) <arXiv:2209.15224>.
Please refer to arXiv e-prints via their arXiv DOI <doi:10.48550/arXiv.YYMM.NNNNN>.
Flavors: r-devel-linux-x86_64-debian-clang, r-devel-linux-x86_64-debian-gcc