CRAN Package Check Results for Package muRL

Last updated on 2025-11-15 03:50:18 CET.

Flavor Version Tinstall Tcheck Ttotal Status Flags
r-devel-linux-x86_64-debian-clang 0.1-13 3.47 32.18 35.65 NOTE
r-devel-linux-x86_64-debian-gcc 0.1-13 2.29 25.52 27.81 NOTE
r-devel-linux-x86_64-fedora-clang 0.1-13 51.72 OK
r-devel-linux-x86_64-fedora-gcc 0.1-13 49.01 OK
r-devel-windows-x86_64 0.1-13 6.00 49.00 55.00 OK
r-patched-linux-x86_64 0.1-13 3.43 30.63 34.06 OK
r-release-linux-x86_64 0.1-13 3.19 30.24 33.43 OK
r-release-macos-arm64 0.1-13 2.00 22.00 24.00 OK
r-release-macos-x86_64 0.1-13 3.00 32.00 35.00 OK
r-release-windows-x86_64 0.1-13 5.00 47.00 52.00 OK
r-oldrel-macos-arm64 0.1-13 2.00 19.00 21.00 OK
r-oldrel-macos-x86_64 0.1-13 2.00 27.00 29.00 OK
r-oldrel-windows-x86_64 0.1-13 6.00 59.00 65.00 OK

Check Details

Version: 0.1-13
Check: CRAN incoming feasibility
Result: NOTE Maintainer: ‘Ryan T. Moore <rtm@american.edu>’ No Authors@R field in DESCRIPTION. Please add one, modifying Authors@R: c(person(given = c("Ryan", "T."), family = "Moore", role = c("aut", "cre"), email = "rtm@american.edu"), person(given = "Andrew", family = "Reeves", role = "aut", email = "reeves@wustl.edu")) as necessary. Flavors: r-devel-linux-x86_64-debian-clang, r-devel-linux-x86_64-debian-gcc