Last updated on 2025-11-19 01:48:54 CET.
| Flavor | Version | Tinstall | Tcheck | Ttotal | Status | Flags |
|---|---|---|---|---|---|---|
| r-devel-linux-x86_64-debian-clang | 1.2.6.4 | 8.01 | 55.50 | 63.51 | NOTE | |
| r-devel-linux-x86_64-debian-gcc | 1.2.6.4 | 5.85 | 43.20 | 49.05 | NOTE | |
| r-devel-linux-x86_64-fedora-clang | 1.2.6.4 | 16.00 | 79.35 | 95.35 | OK | |
| r-devel-linux-x86_64-fedora-gcc | 1.2.6.4 | 16.00 | 74.82 | 90.82 | OK | |
| r-devel-windows-x86_64 | 1.2.6.4 | 13.00 | 65.00 | 78.00 | OK | |
| r-patched-linux-x86_64 | 1.2.6.4 | 6.42 | 53.48 | 59.90 | OK | |
| r-release-linux-x86_64 | 1.2.6.4 | 7.55 | 53.07 | 60.62 | OK | |
| r-release-macos-arm64 | 1.2.6.4 | 5.00 | 29.00 | 34.00 | OK | |
| r-release-macos-x86_64 | 1.2.6.4 | 10.00 | 47.00 | 57.00 | OK | |
| r-release-windows-x86_64 | 1.2.6.4 | 10.00 | 65.00 | 75.00 | OK | |
| r-oldrel-macos-arm64 | 1.2.6.4 | 5.00 | 27.00 | 32.00 | OK | |
| r-oldrel-macos-x86_64 | 1.2.6.4 | 12.00 | 54.00 | 66.00 | OK | |
| r-oldrel-windows-x86_64 | 1.2.6.4 | 13.00 | 78.00 | 91.00 | OK |
Version: 1.2.6.4
Check: CRAN incoming feasibility
Result: NOTE
Maintainer: ‘David Winsemius <dwinsemius@comcast.net>’
No Authors@R field in DESCRIPTION.
Please add one, modifying
Authors@R: c(person(given = c("S", "original", "by", "Kenneth"),
family = "Hess",
role = "aut"),
person(given = c("R", "port", "by", "R."),
family = "Gentleman",
role = "aut"),
person(given = "David",
family = "Winsemius",
role = "cre",
email = "dwinsemius@comcast.net"))
as necessary.
Flavors: r-devel-linux-x86_64-debian-clang, r-devel-linux-x86_64-debian-gcc