CRAN Package Check Results for Package multfisher

Last updated on 2025-05-08 01:51:11 CEST.

Flavor Version Tinstall Tcheck Ttotal Status Flags
r-devel-linux-x86_64-debian-clang 1.1 2.66 25.17 27.83 NOTE
r-devel-linux-x86_64-debian-gcc 1.1 1.96 18.96 20.92 NOTE
r-devel-linux-x86_64-fedora-clang 1.1 43.77 OK
r-devel-linux-x86_64-fedora-gcc 1.1 41.55 OK
r-devel-windows-x86_64 1.1 4.00 44.00 48.00 OK
r-patched-linux-x86_64 1.1 2.72 23.97 26.69 OK
r-release-linux-x86_64 1.1 2.63 23.91 26.54 OK
r-release-macos-arm64 1.1 20.00 OK
r-release-macos-x86_64 1.1 49.00 OK
r-release-windows-x86_64 1.1 4.00 46.00 50.00 OK
r-oldrel-macos-arm64 1.1 15.00 NOTE
r-oldrel-macos-x86_64 1.1 49.00 NOTE
r-oldrel-windows-x86_64 1.1 3.00 43.00 46.00 NOTE

Check Details

Version: 1.1
Check: CRAN incoming feasibility
Result: NOTE Maintainer: ‘Robin Ristl <robin.ristl@meduniwien.ac.at>’ Package CITATION file contains call(s) to old-style personList() or as.personList(). Please use c() on person objects instead. Package CITATION file contains call(s) to old-style citEntry(). Please use bibentry() instead. Flavors: r-devel-linux-x86_64-debian-clang, r-devel-linux-x86_64-debian-gcc

Version: 1.1
Check: LazyData
Result: NOTE 'LazyData' is specified without a 'data' directory Flavors: r-oldrel-macos-arm64, r-oldrel-macos-x86_64, r-oldrel-windows-x86_64