Last updated on 2024-07-27 01:53:17 CEST.
Flavor | Version | Tinstall | Tcheck | Ttotal | Status | Flags |
---|---|---|---|---|---|---|
r-devel-linux-x86_64-debian-clang | 4.1.2 | 729.32 | 57.46 | 786.78 | NOTE | |
r-devel-linux-x86_64-debian-gcc | 4.1.2 | 662.12 | 44.13 | 706.25 | NOTE | |
r-devel-linux-x86_64-fedora-clang | 4.1.2 | 1300.21 | NOTE | |||
r-devel-linux-x86_64-fedora-gcc | 4.1.2 | 1574.50 | WARN | |||
r-devel-windows-x86_64 | 4.1.2 | 707.00 | 122.00 | 829.00 | NOTE | |
r-patched-linux-x86_64 | 4.1.2 | NOTE | ||||
r-release-linux-x86_64 | 4.1.2 | 846.93 | 52.95 | 899.88 | NOTE | |
r-release-macos-arm64 | 4.1.2 | 264.00 | NOTE | |||
r-release-macos-x86_64 | 4.1.2 | 191.00 | NOTE | |||
r-release-windows-x86_64 | 4.1.2 | 699.00 | 115.00 | 814.00 | NOTE | |
r-oldrel-macos-arm64 | 4.1.2 | 355.00 | NOTE | |||
r-oldrel-macos-x86_64 | 4.1.2 | 595.00 | NOTE | |||
r-oldrel-windows-x86_64 | 4.1.2 | 828.00 | 143.00 | 971.00 | NOTE |
Version: 4.1.2
Check: C++ specification
Result: NOTE
Specified C++14: please drop specification unless essential
Flavors: r-devel-linux-x86_64-debian-clang, r-devel-linux-x86_64-debian-gcc, r-devel-linux-x86_64-fedora-clang, r-devel-linux-x86_64-fedora-gcc, r-devel-windows-x86_64, r-patched-linux-x86_64, r-release-linux-x86_64, r-release-macos-arm64, r-release-macos-x86_64, r-release-windows-x86_64, r-oldrel-macos-arm64, r-oldrel-macos-x86_64, r-oldrel-windows-x86_64
Version: 4.1.2
Check: Rd files
Result: NOTE
checkRd: (-1) LayerMeasures.Rd:24: Lost braces in \itemize; meant \describe ?
checkRd: (-1) LayerMeasures.Rd:25: Lost braces in \itemize; meant \describe ?
checkRd: (-1) LayerMeasures.Rd:26: Lost braces in \itemize; meant \describe ?
checkRd: (-1) Plot.Rd:38: Lost braces; missing escapes or markup?
38 | \item{vertex.shape}{Symbol to use for nodes, corresponding to the parameter {pch} of the R \code{points} function. This can either
| ^
Flavors: r-devel-linux-x86_64-debian-clang, r-devel-linux-x86_64-debian-gcc, r-devel-linux-x86_64-fedora-clang, r-devel-linux-x86_64-fedora-gcc, r-devel-windows-x86_64, r-patched-linux-x86_64, r-release-linux-x86_64, r-release-macos-arm64, r-release-macos-x86_64, r-release-windows-x86_64
Version: 4.1.2
Check: whether package can be installed
Result: WARN
Found the following significant warnings:
src/core/attributes/Value.hpp:25:5: warning: template-id not allowed for constructor in C++20 [-Wtemplate-id-cdtor]
src/core/attributes/Value.hpp:38:5: warning: template-id not allowed for constructor in C++20 [-Wtemplate-id-cdtor]
src/core/attributes/Value.hpp:53:5: warning: template-id not allowed for constructor in C++20 [-Wtemplate-id-cdtor]
See ‘/data/gannet/ripley/R/packages/tests-devel/multinet.Rcheck/00install.out’ for details.
* used C++ compiler: ‘g++-14 (GCC) 14.1.0’
Flavor: r-devel-linux-x86_64-fedora-gcc
Version: 4.1.2
Check: installed package size
Result: NOTE
installed size is 85.6Mb
sub-directories of 1Mb or more:
libs 85.4Mb
Flavors: r-release-macos-arm64, r-release-macos-x86_64, r-oldrel-macos-arm64, r-oldrel-macos-x86_64