Last updated on 2025-10-25 01:51:08 CEST.
| Flavor | Version | Tinstall | Tcheck | Ttotal | Status | Flags |
|---|---|---|---|---|---|---|
| r-devel-linux-x86_64-debian-clang | 0.2.6 | 55.56 | 188.25 | 243.81 | OK | |
| r-devel-linux-x86_64-debian-gcc | 0.2.6 | 37.81 | 122.92 | 160.73 | OK | |
| r-devel-linux-x86_64-fedora-clang | 0.2.6 | 162.00 | 282.95 | 444.95 | OK | |
| r-devel-linux-x86_64-fedora-gcc | 0.2.6 | 95.00 | 327.41 | 422.41 | OK | |
| r-devel-windows-x86_64 | 0.2.6 | 61.00 | 248.00 | 309.00 | OK | |
| r-patched-linux-x86_64 | 0.2.6 | 56.40 | 178.37 | 234.77 | OK | |
| r-release-linux-x86_64 | 0.2.6 | 54.03 | 178.91 | 232.94 | OK | |
| r-release-macos-arm64 | 0.2.6 | 21.00 | 98.00 | 119.00 | OK | |
| r-release-macos-x86_64 | 0.2.6 | 24.00 | 209.00 | 233.00 | OK | |
| r-release-windows-x86_64 | 0.2.6 | 61.00 | 243.00 | 304.00 | OK | |
| r-oldrel-macos-arm64 | 0.2.6 | 21.00 | 87.00 | 108.00 | NOTE | |
| r-oldrel-macos-x86_64 | 0.2.6 | 23.00 | 158.00 | 181.00 | NOTE | |
| r-oldrel-windows-x86_64 | 0.2.6 | 74.00 | 300.00 | 374.00 | OK |
Version: 0.2.6
Check: installed package size
Result: NOTE
installed size is 6.1Mb
sub-directories of 1Mb or more:
libs 4.7Mb
Flavors: r-oldrel-macos-arm64, r-oldrel-macos-x86_64