Last updated on 2024-07-27 01:53:17 CEST.
Flavor | Version | Tinstall | Tcheck | Ttotal | Status | Flags |
---|---|---|---|---|---|---|
r-devel-linux-x86_64-debian-clang | 1.2.3 | 2.40 | 28.75 | 31.15 | OK | |
r-devel-linux-x86_64-debian-gcc | 1.2.3 | 2.00 | 21.52 | 23.52 | OK | |
r-devel-linux-x86_64-fedora-clang | 1.2.3 | 39.59 | NOTE | |||
r-devel-linux-x86_64-fedora-gcc | 1.2.3 | 37.21 | OK | |||
r-devel-windows-x86_64 | 1.2.3 | 4.00 | 43.00 | 47.00 | OK | |
r-patched-linux-x86_64 | 1.2.3 | OK | ||||
r-release-linux-x86_64 | 1.2.3 | 2.71 | 27.35 | 30.06 | OK | |
r-release-macos-arm64 | 1.2.3 | 16.00 | OK | |||
r-release-macos-x86_64 | 1.2.3 | 26.00 | OK | |||
r-release-windows-x86_64 | 1.2.3 | 3.00 | 42.00 | 45.00 | OK | |
r-oldrel-macos-arm64 | 1.2.3 | 16.00 | OK | |||
r-oldrel-macos-x86_64 | 1.2.3 | 24.00 | OK | |||
r-oldrel-windows-x86_64 | 1.2.3 | 4.00 | 45.00 | 49.00 | OK |
Version: 1.2.3
Check: Rd cross-references
Result: NOTE
Undeclared package ‘lfe’ in Rd xrefs
Flavor: r-devel-linux-x86_64-fedora-clang