Last updated on 2025-05-24 01:51:28 CEST.
Flavor | Version | Tinstall | Tcheck | Ttotal | Status | Flags |
---|---|---|---|---|---|---|
r-devel-linux-x86_64-debian-clang | 2.1.1 | 13.14 | 90.68 | 103.82 | NOTE | |
r-devel-linux-x86_64-debian-gcc | 2.1.1 | 8.29 | 63.34 | 71.63 | NOTE | |
r-devel-linux-x86_64-fedora-clang | 2.1.1 | 166.71 | OK | |||
r-devel-linux-x86_64-fedora-gcc | 2.1.1 | 164.80 | OK | |||
r-devel-windows-x86_64 | 2.1.1 | 15.00 | 107.00 | 122.00 | OK | |
r-patched-linux-x86_64 | 2.1.1 | 13.79 | 85.71 | 99.50 | OK | |
r-release-linux-x86_64 | 2.1.1 | 11.55 | 83.81 | 95.36 | OK | |
r-release-macos-arm64 | 2.1.1 | 89.00 | OK | |||
r-release-macos-x86_64 | 2.1.1 | 88.00 | OK | |||
r-release-windows-x86_64 | 2.1.1 | 14.00 | 106.00 | 120.00 | OK | |
r-oldrel-macos-arm64 | 2.1.1 | 49.00 | OK | |||
r-oldrel-macos-x86_64 | 2.1.1 | 72.00 | OK | |||
r-oldrel-windows-x86_64 | 2.1.1 | 19.00 | 125.00 | 144.00 | OK |
Version: 2.1.1
Check: CRAN incoming feasibility
Result: NOTE
Maintainer: ‘Damiano Fantini <damiano.fantini@gmail.com>’
No Authors@R field in DESCRIPTION.
Please add one, modifying
Authors@R: c(person(given = "Damiano",
family = "Fantini",
role = c("aut", "cre"),
email = "damiano.fantini@gmail.com"),
person(given = "Vania",
family = "Vidimar",
role = "aut"),
person(given = c("Joshua", "J"),
family = "Meeks",
role = "aut"))
as necessary.
Flavors: r-devel-linux-x86_64-debian-clang, r-devel-linux-x86_64-debian-gcc