CRAN Package Check Results for Package mvhist

Last updated on 2025-05-06 02:50:25 CEST.

Flavor Version Tinstall Tcheck Ttotal Status Flags
r-devel-linux-x86_64-debian-clang 1.1 4.05 34.30 38.35 NOTE
r-devel-linux-x86_64-debian-gcc 1.1 3.49 27.49 30.98 NOTE
r-devel-linux-x86_64-fedora-clang 1.1 62.38 OK
r-devel-linux-x86_64-fedora-gcc 1.1 60.34 OK
r-devel-windows-x86_64 1.1 5.00 54.00 59.00 NOTE
r-patched-linux-x86_64 1.1 4.14 33.05 37.19 NOTE
r-release-linux-x86_64 1.1 3.76 32.77 36.53 NOTE
r-release-macos-arm64 1.1 34.00 OK
r-release-macos-x86_64 1.1 37.00 OK
r-release-windows-x86_64 1.1 5.00 54.00 59.00 NOTE
r-oldrel-macos-arm64 1.1 23.00 OK
r-oldrel-macos-x86_64 1.1 32.00 OK
r-oldrel-windows-x86_64 1.1 7.00 60.00 67.00 OK

Check Details

Version: 1.1
Check: Rd cross-references
Result: NOTE Found the following Rd file(s) with Rd \link{} targets missing package anchors: mvhist.Rd: mvmesh, SolidRectangle, mvhist, V2Hrep mvhistMisc.Rd: V2Hrep Please provide package anchors for all Rd \link{} targets not in the package itself and the base packages. Flavors: r-devel-linux-x86_64-debian-clang, r-devel-linux-x86_64-debian-gcc, r-devel-windows-x86_64, r-patched-linux-x86_64, r-release-linux-x86_64, r-release-windows-x86_64