Last updated on 2025-11-20 03:50:16 CET.
| Flavor | Version | Tinstall | Tcheck | Ttotal | Status | Flags |
|---|---|---|---|---|---|---|
| r-devel-linux-x86_64-debian-clang | 2.4.1 | 7.35 | 90.79 | 98.14 | NOTE | |
| r-devel-linux-x86_64-debian-gcc | 2.4.1 | 4.32 | 62.98 | 67.30 | NOTE | |
| r-devel-linux-x86_64-fedora-clang | 2.4.1 | 15.00 | 135.26 | 150.26 | NOTE | |
| r-devel-linux-x86_64-fedora-gcc | 2.4.1 | 14.00 | 144.62 | 158.62 | NOTE | |
| r-devel-windows-x86_64 | 2.4.1 | 14.00 | 102.00 | 116.00 | NOTE | |
| r-patched-linux-x86_64 | 2.4.1 | 6.37 | 83.91 | 90.28 | NOTE | |
| r-release-linux-x86_64 | 2.4.1 | 6.54 | 84.10 | 90.64 | NOTE | |
| r-release-macos-arm64 | 2.4.1 | NOTE | ||||
| r-release-macos-x86_64 | 2.4.1 | 6.00 | 97.00 | 103.00 | NOTE | |
| r-release-windows-x86_64 | 2.4.1 | 11.00 | 93.00 | 104.00 | NOTE | |
| r-oldrel-macos-arm64 | 2.4.1 | NOTE | ||||
| r-oldrel-macos-x86_64 | 2.4.1 | 5.00 | 85.00 | 90.00 | NOTE | |
| r-oldrel-windows-x86_64 | 2.4.1 | 11.00 | 118.00 | 129.00 | NOTE |
Version: 2.4.1
Check: Rd files
Result: NOTE
checkRd: (-1) drop_name_crossref.Rd:49: Lost braces; missing escapes or markup?
49 | Takes one or several dois and extracts information from Crossref, then processes them into visual citations with \code{\link{drop_name}}. Requires {rcrossref} > v1.1, see README for further details.
| ^
Flavors: r-devel-linux-x86_64-debian-clang, r-devel-linux-x86_64-debian-gcc, r-devel-linux-x86_64-fedora-clang, r-devel-linux-x86_64-fedora-gcc, r-devel-windows-x86_64, r-patched-linux-x86_64, r-release-linux-x86_64, r-release-macos-arm64, r-release-macos-x86_64, r-release-windows-x86_64, r-oldrel-macos-arm64, r-oldrel-macos-x86_64, r-oldrel-windows-x86_64