Last updated on 2025-02-14 02:49:49 CET.
Flavor | Version | Tinstall | Tcheck | Ttotal | Status | Flags |
---|---|---|---|---|---|---|
r-devel-linux-x86_64-debian-clang | 0.5.1 | 17.73 | 32.78 | 50.51 | NOTE | |
r-devel-linux-x86_64-debian-gcc | 0.5.1 | 11.49 | 25.35 | 36.84 | NOTE | |
r-devel-linux-x86_64-fedora-clang | 0.5.1 | 83.89 | NOTE | |||
r-devel-linux-x86_64-fedora-gcc | 0.5.1 | 96.23 | NOTE | |||
r-devel-windows-x86_64 | 0.5.1 | 17.00 | 72.00 | 89.00 | NOTE | |
r-patched-linux-x86_64 | 0.5.1 | 16.92 | 31.38 | 48.30 | NOTE | |
r-release-linux-x86_64 | 0.5.1 | 16.22 | 31.24 | 47.46 | NOTE | |
r-release-macos-arm64 | 0.5.1 | 33.00 | NOTE | |||
r-release-macos-x86_64 | 0.5.1 | 49.00 | NOTE | |||
r-release-windows-x86_64 | 0.5.1 | 18.00 | 72.00 | 90.00 | NOTE | |
r-oldrel-macos-arm64 | 0.5.1 | 34.00 | NOTE | |||
r-oldrel-macos-x86_64 | 0.5.1 | 51.00 | NOTE | |||
r-oldrel-windows-x86_64 | 0.5.1 | 21.00 | 80.00 | 101.00 | NOTE |
Version: 0.5.1
Check: C++ specification
Result: NOTE
Specified C++11: please drop specification unless essential
Flavors: r-devel-linux-x86_64-debian-clang, r-devel-linux-x86_64-debian-gcc, r-devel-linux-x86_64-fedora-clang, r-devel-linux-x86_64-fedora-gcc, r-devel-windows-x86_64, r-patched-linux-x86_64, r-release-linux-x86_64, r-release-macos-arm64, r-release-macos-x86_64, r-release-windows-x86_64, r-oldrel-macos-arm64, r-oldrel-macos-x86_64, r-oldrel-windows-x86_64