Last updated on 2024-07-27 01:53:17 CEST.
Flavor | Version | Tinstall | Tcheck | Ttotal | Status | Flags |
---|---|---|---|---|---|---|
r-devel-linux-x86_64-debian-clang | 1.1 | 6.64 | 74.92 | 81.56 | OK | |
r-devel-linux-x86_64-debian-gcc | 1.1 | 6.14 | 56.92 | 63.06 | NOTE | |
r-devel-linux-x86_64-fedora-clang | 1.1 | 107.65 | OK | |||
r-devel-linux-x86_64-fedora-gcc | 1.1 | 99.68 | OK | |||
r-devel-windows-x86_64 | 1.1 | 10.00 | 81.00 | 91.00 | NOTE | |
r-patched-linux-x86_64 | 1.1 | OK | ||||
r-release-linux-x86_64 | 1.1 | 4.74 | 70.99 | 75.73 | OK | |
r-release-macos-arm64 | 1.1 | 36.00 | OK | |||
r-release-macos-x86_64 | 1.1 | 55.00 | OK | |||
r-release-windows-x86_64 | 1.1 | 8.00 | 82.00 | 90.00 | OK | |
r-oldrel-macos-arm64 | 1.1 | 34.00 | OK | |||
r-oldrel-macos-x86_64 | 1.1 | 68.00 | OK | |||
r-oldrel-windows-x86_64 | 1.1 | 10.00 | 92.00 | 102.00 | OK |
Version: 1.1
Check: Rd cross-references
Result: NOTE
Found the following Rd file(s) with Rd \link{} targets missing package
anchors:
fit_xform.Rd: xform, xyzmatrix, computeTransform
fit_xform_brain.Rd: computeTransform
guess_templatebrain.Rd: im3d
local_reg_dir_for_url.Rd: user_data_dir
xform_brain.Rd: cmtk.reformatx, xform, xformpoints, xformimage
Please provide package anchors for all Rd \link{} targets not in the
package itself and the base packages.
Flavors: r-devel-linux-x86_64-debian-gcc, r-devel-windows-x86_64