Last updated on 2025-11-13 02:52:26 CET.
| Flavor | Version | Tinstall | Tcheck | Ttotal | Status | Flags |
|---|---|---|---|---|---|---|
| r-devel-linux-x86_64-debian-clang | 0.1.4 | 5.43 | 34.30 | 39.73 | NOTE | |
| r-devel-linux-x86_64-debian-gcc | 0.1.4 | 3.04 | 25.41 | 28.45 | NOTE | |
| r-devel-linux-x86_64-fedora-clang | 0.1.4 | 23.00 | 40.02 | 63.02 | OK | |
| r-devel-linux-x86_64-fedora-gcc | 0.1.4 | 13.00 | 41.98 | 54.98 | OK | |
| r-devel-windows-x86_64 | 0.1.4 | 7.00 | 49.00 | 56.00 | OK | |
| r-patched-linux-x86_64 | 0.1.4 | 4.82 | 31.39 | 36.21 | OK | |
| r-release-linux-x86_64 | 0.1.4 | 4.88 | 31.17 | 36.05 | OK | |
| r-release-macos-arm64 | 0.1.4 | 2.00 | 18.00 | 20.00 | OK | |
| r-release-macos-x86_64 | 0.1.4 | 8.00 | 51.00 | 59.00 | OK | |
| r-release-windows-x86_64 | 0.1.4 | 6.00 | 49.00 | 55.00 | OK | |
| r-oldrel-macos-arm64 | 0.1.4 | 2.00 | 18.00 | 20.00 | OK | |
| r-oldrel-macos-x86_64 | 0.1.4 | 6.00 | 39.00 | 45.00 | OK | |
| r-oldrel-windows-x86_64 | 0.1.4 | 7.00 | 56.00 | 63.00 | OK |
Version: 0.1.4
Check: CRAN incoming feasibility
Result: NOTE
Maintainer: ‘Hiroto Katsumata <hrt.katsumata@gmail.com>’
The Description field contains
<arXiv:2005.10998>, which improves the inverse probability weighting by
Please refer to arXiv e-prints via their arXiv DOI <doi:10.48550/arXiv.YYMM.NNNNN>.
Flavors: r-devel-linux-x86_64-debian-clang, r-devel-linux-x86_64-debian-gcc