Last updated on 2025-05-25 01:49:50 CEST.
Flavor | Version | Tinstall | Tcheck | Ttotal | Status | Flags |
---|---|---|---|---|---|---|
r-devel-linux-x86_64-debian-clang | 0.5.1 | 7.49 | 59.40 | 66.89 | NOTE | |
r-devel-linux-x86_64-debian-gcc | 0.5.1 | 5.21 | 42.06 | 47.27 | NOTE | |
r-devel-linux-x86_64-fedora-clang | 0.5.1 | 110.27 | NOTE | |||
r-devel-linux-x86_64-fedora-gcc | 0.5.1 | 97.75 | NOTE | |||
r-devel-windows-x86_64 | 0.5.1 | 8.00 | 77.00 | 85.00 | NOTE | |
r-patched-linux-x86_64 | 0.5.1 | 7.69 | 54.97 | 62.66 | NOTE | |
r-release-linux-x86_64 | 0.5.1 | 7.15 | 56.05 | 63.20 | NOTE | |
r-release-macos-arm64 | 0.5.1 | 43.00 | NOTE | |||
r-release-macos-x86_64 | 0.5.1 | 62.00 | NOTE | |||
r-release-windows-x86_64 | 0.5.1 | 8.00 | 76.00 | 84.00 | NOTE | |
r-oldrel-macos-arm64 | 0.5.1 | 34.00 | OK | |||
r-oldrel-macos-x86_64 | 0.5.1 | 47.00 | OK | |||
r-oldrel-windows-x86_64 | 0.5.1 | 11.00 | 92.00 | 103.00 | OK |
Version: 0.5.1
Check: DESCRIPTION meta-information
Result: NOTE
Missing dependency on R >= 4.1.0 because package code uses the pipe
|> or function shorthand \(...) syntax added in R 4.1.0.
File(s) using such syntax:
‘neon_cloud.R’
Flavors: r-devel-linux-x86_64-debian-clang, r-devel-linux-x86_64-debian-gcc, r-devel-linux-x86_64-fedora-clang, r-devel-linux-x86_64-fedora-gcc, r-devel-windows-x86_64, r-patched-linux-x86_64, r-release-linux-x86_64, r-release-macos-arm64, r-release-macos-x86_64, r-release-windows-x86_64