Last updated on 2024-07-27 01:53:17 CEST.
Flavor | Version | Tinstall | Tcheck | Ttotal | Status | Flags |
---|---|---|---|---|---|---|
r-devel-linux-x86_64-debian-clang | 4.0.5 | 71.05 | 296.11 | 367.16 | OK | |
r-devel-linux-x86_64-debian-gcc | 4.0.5 | 55.85 | 219.61 | 275.46 | NOTE | |
r-devel-linux-x86_64-fedora-clang | 4.0.5 | 470.41 | OK | |||
r-devel-linux-x86_64-fedora-gcc | 4.0.5 | 468.12 | OK | |||
r-devel-windows-x86_64 | 4.0.5 | 65.00 | 222.00 | 287.00 | NOTE | |
r-patched-linux-x86_64 | 4.0.5 | OK | ||||
r-release-linux-x86_64 | 4.0.5 | 49.12 | 284.29 | 333.41 | OK | |
r-release-macos-arm64 | 4.0.5 | 125.00 | NOTE | |||
r-release-macos-x86_64 | 4.0.5 | 192.00 | NOTE | |||
r-release-windows-x86_64 | 4.0.5 | 65.00 | 225.00 | 290.00 | OK | |
r-oldrel-macos-arm64 | 4.0.5 | 129.00 | NOTE | |||
r-oldrel-macos-x86_64 | 4.0.5 | 314.00 | NOTE | |||
r-oldrel-windows-x86_64 | 4.0.5 | 77.00 | 298.00 | 375.00 | OK |
Version: 4.0.5
Check: Rd cross-references
Result: NOTE
Found the following Rd file(s) with Rd \link{} targets missing package
anchors:
netEst.dir.Rd: glmnet
netEst.undir.Rd: glmnet
netgsa-package.Rd: glmnet
Please provide package anchors for all Rd \link{} targets not in the
package itself and the base packages.
Flavors: r-devel-linux-x86_64-debian-gcc, r-devel-windows-x86_64
Version: 4.0.5
Check: installed package size
Result: NOTE
installed size is 21.2Mb
sub-directories of 1Mb or more:
doc 2.8Mb
libs 17.5Mb
Flavors: r-release-macos-arm64, r-release-macos-x86_64, r-oldrel-macos-arm64, r-oldrel-macos-x86_64