CRAN Package Check Results for Package netseer

Last updated on 2025-11-13 01:50:27 CET.

Flavor Version Tinstall Tcheck Ttotal Status Flags
r-devel-linux-x86_64-debian-clang 0.1.2 4.49 82.68 87.17 OK
r-devel-linux-x86_64-debian-gcc 0.1.2 3.51 59.67 63.18 OK
r-devel-linux-x86_64-fedora-clang 0.1.2 12.00 130.87 142.87 OK
r-devel-linux-x86_64-fedora-gcc 0.1.2 10.00 132.43 142.43 OK
r-devel-windows-x86_64 0.1.2 7.00 88.00 95.00 OK
r-patched-linux-x86_64 0.1.2 4.22 77.87 82.09 OK
r-release-linux-x86_64 0.1.2 4.98 77.34 82.32 OK
r-release-macos-arm64 0.1.2 2.00 47.00 49.00 OK
r-release-macos-x86_64 0.1.2 5.00 97.00 102.00 OK
r-release-windows-x86_64 0.1.2 7.00 90.00 97.00 OK
r-oldrel-macos-arm64 0.1.2 2.00 50.00 52.00 OK
r-oldrel-macos-x86_64 0.1.2 4.00 94.00 98.00 OK
r-oldrel-windows-x86_64 0.1.2 8.00 113.00 121.00 ERROR

Check Details

Version: 0.1.2
Check: re-building of vignette outputs
Result: ERROR Error(s) in re-building vignettes: --- re-building 'netseer.Rmd' using rmarkdown File man/figures/logo.png not found in resource path Error: processing vignette 'netseer.Rmd' failed with diagnostics: pandoc document conversion failed with error 99 --- failed re-building 'netseer.Rmd' SUMMARY: processing the following file failed: 'netseer.Rmd' Error: Vignette re-building failed. Execution halted Flavor: r-oldrel-windows-x86_64