Last updated on 2024-07-27 01:53:17 CEST.
Flavor | Version | Tinstall | Tcheck | Ttotal | Status | Flags |
---|---|---|---|---|---|---|
r-devel-linux-x86_64-debian-clang | 0.4 | 2.89 | 35.63 | 38.52 | OK | |
r-devel-linux-x86_64-debian-gcc | 0.4 | 3.09 | 28.16 | 31.25 | NOTE | |
r-devel-linux-x86_64-fedora-clang | 0.4 | 51.28 | OK | |||
r-devel-linux-x86_64-fedora-gcc | 0.4 | 47.77 | OK | |||
r-devel-windows-x86_64 | 0.4 | 5.00 | 51.00 | 56.00 | NOTE | |
r-patched-linux-x86_64 | 0.4 | OK | ||||
r-release-linux-x86_64 | 0.4 | 3.81 | 34.29 | 38.10 | OK | |
r-release-macos-arm64 | 0.4 | 19.00 | OK | |||
r-release-macos-x86_64 | 0.4 | 29.00 | OK | |||
r-release-windows-x86_64 | 0.4 | 5.00 | 51.00 | 56.00 | OK | |
r-oldrel-macos-arm64 | 0.4 | 22.00 | OK | |||
r-oldrel-macos-x86_64 | 0.4 | 26.00 | OK | |||
r-oldrel-windows-x86_64 | 0.4 | 7.00 | 57.00 | 64.00 | OK |
Version: 0.4
Check: Rd cross-references
Result: NOTE
Found the following Rd file(s) with Rd \link{} targets missing package
anchors:
JS.Rd: htmlwidgets
igraph_to_networkD3.Rd: membership
Please provide package anchors for all Rd \link{} targets not in the
package itself and the base packages.
Flavors: r-devel-linux-x86_64-debian-gcc, r-devel-windows-x86_64