CRAN Package Check Results for Package nichetools

Last updated on 2025-11-20 02:49:21 CET.

Flavor Version Tinstall Tcheck Ttotal Status Flags
r-devel-linux-x86_64-debian-clang 0.3.2 8.43 440.77 449.20 NOTE
r-devel-linux-x86_64-debian-gcc 0.3.2 5.51 255.98 261.49 NOTE
r-devel-linux-x86_64-fedora-clang 0.3.2 16.00 734.07 750.07 NOTE
r-devel-linux-x86_64-fedora-gcc 0.3.2 15.00 722.02 737.02 NOTE
r-devel-windows-x86_64 0.3.2 13.00 427.00 440.00 NOTE
r-patched-linux-x86_64 0.3.2 7.87 408.48 416.35 NOTE
r-release-linux-x86_64 0.3.2 6.79 410.59 417.38 NOTE
r-release-macos-arm64 0.3.2 NOTE
r-release-macos-x86_64 0.3.2 13.00 518.00 531.00 NOTE
r-release-windows-x86_64 0.3.2 12.00 382.00 394.00 NOTE
r-oldrel-macos-arm64 0.3.2 OK
r-oldrel-macos-x86_64 0.3.2 5.00 212.00 217.00 OK
r-oldrel-windows-x86_64 0.3.2 15.00 557.00 572.00 OK

Check Details

Version: 0.3.2
Check: DESCRIPTION meta-information
Result: NOTE Missing dependency on R >= 4.1.0 because package code uses the pipe |> or function shorthand \(...) syntax added in R 4.1.0. File(s) using such syntax: ‘create_comparison.R’ ‘create_comparisons.Rd’ ‘extract_group_metrics.R’ ‘extract_group_metrics.Rd’ ‘extract_layman.R’ ‘extract_layman.Rd’ ‘extract_mu.R’ ‘extract_mu.Rd’ ‘extract_niche_size.R’ ‘extract_overlap.R’ ‘extract_sigma.R’ ‘extract_similarities.R’ ‘extract_similarities.Rd’ ‘niche_ellipse.R’ Flavors: r-devel-linux-x86_64-debian-clang, r-devel-linux-x86_64-debian-gcc, r-devel-linux-x86_64-fedora-clang, r-devel-linux-x86_64-fedora-gcc, r-devel-windows-x86_64, r-patched-linux-x86_64, r-release-linux-x86_64, r-release-macos-arm64, r-release-windows-x86_64

Version: 0.3.2
Check: DESCRIPTION meta-information
Result: NOTE Missing dependency on R >= 4.1.0 because package code uses the pipe |> or function shorthand \(...) syntax added in R 4.1.0. File(s) using such syntax: ‘create_comparison.R’ ‘extract_group_metrics.R’ ‘extract_layman.R’ ‘extract_mu.R’ ‘extract_niche_size.R’ ‘extract_overlap.R’ ‘extract_sigma.R’ ‘extract_similarities.R’ ‘niche_ellipse.R’ Flavor: r-release-macos-x86_64