Last updated on 2024-07-27 01:53:18 CEST.
Flavor | Version | Tinstall | Tcheck | Ttotal | Status | Flags |
---|---|---|---|---|---|---|
r-devel-linux-x86_64-debian-clang | 0.5 | 11.30 | 96.21 | 107.51 | OK | |
r-devel-linux-x86_64-debian-gcc | 0.5 | 8.00 | 71.34 | 79.34 | NOTE | |
r-devel-linux-x86_64-fedora-clang | 0.5 | 130.22 | OK | |||
r-devel-linux-x86_64-fedora-gcc | 0.5 | 122.21 | OK | |||
r-devel-windows-x86_64 | 0.5 | 12.00 | 85.00 | 97.00 | NOTE | |
r-patched-linux-x86_64 | 0.5 | OK | ||||
r-release-linux-x86_64 | 0.5 | 9.74 | 91.05 | 100.79 | OK | |
r-release-macos-arm64 | 0.5 | 36.00 | OK | |||
r-release-macos-x86_64 | 0.5 | 58.00 | OK | |||
r-release-windows-x86_64 | 0.5 | 11.00 | 83.00 | 94.00 | OK | |
r-oldrel-macos-arm64 | 0.5 | 45.00 | OK | |||
r-oldrel-macos-x86_64 | 0.5 | 83.00 | OK | |||
r-oldrel-windows-x86_64 | 0.5 | 14.00 | 98.00 | 112.00 | OK |
Version: 0.5
Check: Rd cross-references
Result: NOTE
Found the following Rd file(s) with Rd \link{} targets missing package
anchors:
nicqControl.Rd: bpcp, quantile.kmciLR
nicqTest.Rd: bpcp, quantile.kmciLR
powerNicqTest.Rd: uniroot.integer
Please provide package anchors for all Rd \link{} targets not in the
package itself and the base packages.
Flavors: r-devel-linux-x86_64-debian-gcc, r-devel-windows-x86_64