Last updated on 2025-11-20 03:50:17 CET.
| Flavor | Version | Tinstall | Tcheck | Ttotal | Status | Flags |
|---|---|---|---|---|---|---|
| r-devel-linux-x86_64-debian-clang | 0.6.2 | 10.19 | 177.08 | 187.27 | NOTE | |
| r-devel-linux-x86_64-debian-gcc | 0.6.2 | 6.04 | 129.66 | 135.70 | NOTE | |
| r-devel-linux-x86_64-fedora-clang | 0.6.2 | 27.00 | 264.80 | 291.80 | NOTE | |
| r-devel-linux-x86_64-fedora-gcc | 0.6.2 | 38.00 | 263.32 | 301.32 | NOTE | |
| r-devel-windows-x86_64 | 0.6.2 | 14.00 | 181.00 | 195.00 | NOTE | |
| r-patched-linux-x86_64 | 0.6.2 | 8.50 | 168.95 | 177.45 | NOTE | |
| r-release-linux-x86_64 | 0.6.2 | 9.08 | 170.10 | 179.18 | NOTE | |
| r-release-macos-arm64 | 0.6.2 | NOTE | ||||
| r-release-macos-x86_64 | 0.6.2 | 7.00 | 142.00 | 149.00 | NOTE | |
| r-release-windows-x86_64 | 0.6.2 | 12.00 | 171.00 | 183.00 | NOTE | |
| r-oldrel-macos-arm64 | 0.6.2 | OK | ||||
| r-oldrel-macos-x86_64 | 0.6.2 | 6.00 | 126.00 | 132.00 | OK | |
| r-oldrel-windows-x86_64 | 0.6.2 | 16.00 | 217.00 | 233.00 | OK |
Version: 0.6.2
Check: DESCRIPTION meta-information
Result: NOTE
Missing dependency on R >= 4.1.0 because package code uses the pipe
|> or function shorthand \(...) syntax added in R 4.1.0.
File(s) using such syntax:
‘get_model_params.R’ ‘level_from_quantiles.R’ ‘make_request.R’
‘nixtla_client_cross_validation.R’ ‘nixtla_client_detect_anomalies.R’
‘nixtla_client_forecast.R’ ‘nixtla_client_historic.R’
‘nixtla_client_plot.R’ ‘nixtla_validate_api_key.R’
‘validate_exogenous.R’
Flavors: r-devel-linux-x86_64-debian-clang, r-devel-linux-x86_64-debian-gcc, r-devel-linux-x86_64-fedora-clang, r-devel-linux-x86_64-fedora-gcc, r-devel-windows-x86_64, r-patched-linux-x86_64, r-release-linux-x86_64, r-release-macos-arm64, r-release-macos-x86_64, r-release-windows-x86_64