Last updated on 2025-05-04 02:50:12 CEST.
Flavor | Version | Tinstall | Tcheck | Ttotal | Status | Flags |
---|---|---|---|---|---|---|
r-devel-linux-x86_64-debian-clang | 0.3.5 | 45.20 | 436.77 | 481.97 | NOTE | |
r-devel-linux-x86_64-debian-gcc | 0.3.5 | 30.92 | 312.99 | 343.91 | NOTE | |
r-devel-linux-x86_64-fedora-clang | 0.3.5 | 818.01 | NOTE | |||
r-devel-linux-x86_64-fedora-gcc | 0.3.5 | 770.99 | NOTE | |||
r-devel-windows-x86_64 | 0.3.5 | 44.00 | 410.00 | 454.00 | NOTE | |
r-patched-linux-x86_64 | 0.3.5 | 41.93 | 406.85 | 448.78 | NOTE | |
r-release-linux-x86_64 | NOTE | |||||
r-release-macos-arm64 | 0.3.5 | 186.00 | NOTE | |||
r-release-macos-x86_64 | 0.3.5 | 7.00 | ERROR | |||
r-release-windows-x86_64 | 0.3.5 | 42.00 | 383.00 | 425.00 | NOTE | |
r-oldrel-macos-arm64 | 0.3.5 | 184.00 | NOTE | |||
r-oldrel-macos-x86_64 | 0.3.5 | 291.00 | NOTE | |||
r-oldrel-windows-x86_64 | 0.3.5 | 54.00 | 487.00 | 541.00 | NOTE |
Version: 0.3.5
Check: CRAN incoming feasibility
Result: NOTE
Maintainer: ‘Laure Cougnaud <laure.cougnaud@openanalytics.eu>’
No Authors@R field in DESCRIPTION.
Please add one, modifying
Authors@R: c(person(given = "Willem",
family = "Talloen",
role = "aut"),
person(given = "Tobias",
family = "Verbeke",
role = "aut"),
person(given = "Laure",
family = "Cougnaud",
role = "cre",
email = "laure.cougnaud@openanalytics.eu"))
as necessary.
Flavors: r-devel-linux-x86_64-debian-clang, r-devel-linux-x86_64-debian-gcc
Version: 0.3.5
Check: Rd files
Result: NOTE
checkRd: (-1) mcrPlot.Rd:42-44: Lost braces in \itemize; \value handles \item{}{} directly
checkRd: (-1) mcrPlot.Rd:45-47: Lost braces in \itemize; \value handles \item{}{} directly
Flavors: r-devel-linux-x86_64-debian-clang, r-devel-linux-x86_64-debian-gcc, r-devel-linux-x86_64-fedora-clang, r-devel-linux-x86_64-fedora-gcc, r-devel-windows-x86_64, r-patched-linux-x86_64, r-release-linux-x86_64, r-release-macos-arm64, r-release-windows-x86_64, r-oldrel-macos-arm64, r-oldrel-macos-x86_64, r-oldrel-windows-x86_64
Version: 0.3.5
Check: Rd cross-references
Result: NOTE
Found the following Rd file(s) with Rd \link{} targets missing package
anchors:
predict.pamrML.Rd: pamr.predict
xtable.confusionMatrix.Rd: confusionMatrix
Please provide package anchors for all Rd \link{} targets not in the
package itself and the base packages.
Flavors: r-devel-linux-x86_64-debian-clang, r-devel-linux-x86_64-debian-gcc, r-devel-windows-x86_64, r-patched-linux-x86_64, r-release-linux-x86_64, r-release-windows-x86_64
Version: 0.3.5
Check: package dependencies
Result: ERROR
Package required but not available: ‘MLInterfaces’
See section ‘The DESCRIPTION file’ in the ‘Writing R Extensions’
manual.
Flavor: r-release-macos-x86_64