Last updated on 2024-07-27 01:53:18 CEST.
Flavor | Version | Tinstall | Tcheck | Ttotal | Status | Flags |
---|---|---|---|---|---|---|
r-devel-linux-x86_64-debian-clang | 0.3.5 | 52.98 | 526.31 | 579.29 | NOTE | |
r-devel-linux-x86_64-debian-gcc | 0.3.5 | 38.90 | 389.31 | 428.21 | NOTE | |
r-devel-linux-x86_64-fedora-clang | 0.3.5 | 771.44 | NOTE | |||
r-devel-linux-x86_64-fedora-gcc | 0.3.5 | 698.95 | NOTE | |||
r-devel-windows-x86_64 | 0.3.5 | 43.00 | 372.00 | 415.00 | NOTE | |
r-patched-linux-x86_64 | 0.3.5 | NOTE | ||||
r-release-linux-x86_64 | 0.3.5 | 31.35 | 499.69 | 531.04 | NOTE | |
r-release-macos-arm64 | 0.3.5 | 184.00 | NOTE | |||
r-release-macos-x86_64 | 0.3.5 | 291.00 | NOTE | |||
r-release-windows-x86_64 | 0.3.5 | 41.00 | 362.00 | 403.00 | NOTE | |
r-oldrel-macos-arm64 | 0.3.5 | 190.00 | OK | |||
r-oldrel-macos-x86_64 | 0.3.5 | 436.00 | OK | |||
r-oldrel-windows-x86_64 | 0.3.5 | 55.00 | 475.00 | 530.00 | OK |
Version: 0.3.5
Check: Rd files
Result: NOTE
checkRd: (-1) mcrPlot.Rd:42-44: Lost braces in \itemize; \value handles \item{}{} directly
checkRd: (-1) mcrPlot.Rd:45-47: Lost braces in \itemize; \value handles \item{}{} directly
Flavors: r-devel-linux-x86_64-debian-clang, r-devel-linux-x86_64-debian-gcc, r-devel-linux-x86_64-fedora-clang, r-devel-linux-x86_64-fedora-gcc, r-devel-windows-x86_64, r-patched-linux-x86_64, r-release-linux-x86_64, r-release-macos-arm64, r-release-macos-x86_64, r-release-windows-x86_64
Version: 0.3.5
Check: Rd cross-references
Result: NOTE
Found the following Rd file(s) with Rd \link{} targets missing package
anchors:
predict.pamrML.Rd: pamr.predict
xtable.confusionMatrix.Rd: confusionMatrix
Please provide package anchors for all Rd \link{} targets not in the
package itself and the base packages.
Flavors: r-devel-linux-x86_64-debian-gcc, r-devel-windows-x86_64